Last updated on 2023-05-31 20:57:22 CEST.
Flavor | Version | Tinstall | Tcheck | Ttotal | Status | Flags |
---|---|---|---|---|---|---|
r-devel-linux-x86_64-debian-clang | 1.3 | 37.18 | 125.79 | 162.97 | NOTE | |
r-devel-linux-x86_64-debian-gcc | 1.3 | 29.00 | 94.28 | 123.28 | NOTE | |
r-devel-linux-x86_64-fedora-clang | 1.3 | 225.19 | NOTE | |||
r-devel-linux-x86_64-fedora-gcc | 1.3 | 197.21 | NOTE | |||
r-devel-windows-x86_64 | 1.3 | 31.00 | 123.00 | 154.00 | NOTE | |
r-patched-linux-x86_64 | 1.3 | NOTE | ||||
r-release-linux-x86_64 | 1.3 | 22.61 | 118.82 | 141.43 | NOTE | |
r-release-macos-arm64 | 1.3 | 60.00 | NOTE | |||
r-release-macos-x86_64 | 1.3 | 91.00 | NOTE | |||
r-release-windows-x86_64 | 1.3 | 40.00 | 149.00 | 189.00 | NOTE | |
r-oldrel-macos-arm64 | 1.3 | 51.00 | NOTE | |||
r-oldrel-macos-x86_64 | 1.3 | 96.00 | NOTE | |||
r-oldrel-windows-x86_64 | 1.3 | 37.00 | 150.00 | 187.00 | NOTE |
Version: 1.3
Check: LazyData
Result: NOTE
'LazyData' is specified without a 'data' directory
Flavors: r-devel-linux-x86_64-debian-clang, r-devel-linux-x86_64-debian-gcc, r-devel-linux-x86_64-fedora-clang, r-devel-linux-x86_64-fedora-gcc, r-devel-windows-x86_64, r-patched-linux-x86_64, r-release-linux-x86_64, r-release-macos-arm64, r-release-macos-x86_64, r-release-windows-x86_64, r-oldrel-macos-arm64, r-oldrel-macos-x86_64, r-oldrel-windows-x86_64