Last updated on 2024-03-28 19:48:46 CET.
Flavor | Version | Tinstall | Tcheck | Ttotal | Status | Flags |
---|---|---|---|---|---|---|
r-devel-linux-x86_64-debian-clang | 0.8.4 | 100.06 | 37.69 | 137.75 | NOTE | |
r-devel-linux-x86_64-debian-gcc | 0.8.4 | 83.64 | 28.73 | 112.37 | NOTE | |
r-devel-linux-x86_64-fedora-clang | 0.8.4 | 217.98 | NOTE | |||
r-devel-linux-x86_64-fedora-gcc | 0.8.4 | 222.76 | NOTE | |||
r-devel-windows-x86_64 | 0.8.4 | 81.00 | 74.00 | 155.00 | NOTE | |
r-patched-linux-x86_64 | 0.8.4 | 93.26 | 35.19 | 128.45 | NOTE | |
r-release-linux-x86_64 | 0.8.4 | 104.36 | 33.83 | 138.19 | NOTE | |
r-release-macos-arm64 | 0.8.4 | 55.00 | NOTE | |||
r-release-macos-x86_64 | 0.8.4 | 91.00 | NOTE | |||
r-release-windows-x86_64 | 0.8.4 | 101.00 | 81.00 | 182.00 | NOTE | |
r-oldrel-macos-arm64 | 0.8.4 | 48.00 | OK | |||
r-oldrel-windows-x86_64 | 0.8.4 | 101.00 | 77.00 | 178.00 | OK |
Version: 0.8.4
Check: C++ specification
Result: NOTE
Specified C++11: please drop specification unless essential
Flavors: r-devel-linux-x86_64-debian-clang, r-devel-linux-x86_64-debian-gcc, r-devel-linux-x86_64-fedora-clang, r-devel-linux-x86_64-fedora-gcc, r-devel-windows-x86_64, r-patched-linux-x86_64, r-release-linux-x86_64, r-release-macos-arm64, r-release-macos-x86_64, r-release-windows-x86_64