Last updated on 2024-03-29 07:54:57 CET.
Flavor | Version | Tinstall | Tcheck | Ttotal | Status | Flags |
---|---|---|---|---|---|---|
r-devel-linux-x86_64-debian-clang | 0.0.8 | 3.44 | 60.40 | 63.84 | NOTE | |
r-devel-linux-x86_64-debian-gcc | 0.0.8 | 3.60 | 46.33 | 49.93 | NOTE | |
r-devel-linux-x86_64-fedora-clang | 0.0.8 | 83.86 | NOTE | |||
r-devel-linux-x86_64-fedora-gcc | 0.0.8 | 83.24 | NOTE | |||
r-devel-windows-x86_64 | 0.0.8 | 5.00 | 69.00 | 74.00 | NOTE | |
r-patched-linux-x86_64 | 0.0.8 | 5.83 | 59.56 | 65.39 | NOTE | |
r-release-linux-x86_64 | 0.0.8 | 3.69 | 61.21 | 64.90 | NOTE | |
r-release-macos-arm64 | 0.0.8 | 30.00 | NOTE | |||
r-release-macos-x86_64 | 0.0.8 | 42.00 | NOTE | |||
r-release-windows-x86_64 | 0.0.8 | 8.00 | 81.00 | 89.00 | NOTE | |
r-oldrel-macos-arm64 | 0.0.8 | 28.00 | OK | |||
r-oldrel-windows-x86_64 | 0.0.8 | 7.00 | 81.00 | 88.00 | NOTE |
Version: 0.0.8
Check: Rd cross-references
Result: NOTE
Unknown package ‘sparsebn’ in Rd xrefs
Flavors: r-devel-linux-x86_64-debian-clang, r-devel-linux-x86_64-debian-gcc, r-devel-linux-x86_64-fedora-gcc, r-devel-windows-x86_64, r-patched-linux-x86_64, r-release-linux-x86_64, r-release-macos-arm64, r-release-macos-x86_64, r-release-windows-x86_64, r-oldrel-windows-x86_64
Version: 0.0.8
Check: Rd cross-references
Result: NOTE
Undeclared package ‘sparsebn’ in Rd xrefs
Unknown package ‘sparsebn’ in Rd xrefs
Flavor: r-devel-linux-x86_64-fedora-clang