Last updated on 2023-06-06 20:09:56 CEST.
Flavor | Version | Tinstall | Tcheck | Ttotal | Status | Flags |
---|---|---|---|---|---|---|
r-devel-linux-x86_64-debian-clang | 0.1.0 | 2.79 | 123.13 | 125.92 | NOTE | |
r-devel-linux-x86_64-debian-gcc | 0.1.0 | 2.33 | 93.11 | 95.44 | NOTE | |
r-devel-linux-x86_64-fedora-clang | 0.1.0 | 176.41 | NOTE | |||
r-devel-linux-x86_64-fedora-gcc | 0.1.0 | 195.13 | NOTE | |||
r-devel-windows-x86_64 | 0.1.0 | 2.00 | 105.00 | 107.00 | NOTE | |
r-patched-linux-x86_64 | 0.1.0 | 2.14 | 126.37 | 128.51 | NOTE | |
r-release-linux-x86_64 | 0.1.0 | 2.13 | 123.11 | 125.24 | NOTE | |
r-release-macos-arm64 | 0.1.0 | 62.00 | NOTE | |||
r-release-macos-x86_64 | 0.1.0 | 116.00 | NOTE | |||
r-release-windows-x86_64 | 0.1.0 | 3.00 | 120.00 | 123.00 | NOTE | |
r-oldrel-macos-arm64 | 0.1.0 | 55.00 | NOTE | |||
r-oldrel-macos-x86_64 | 0.1.0 | 72.00 | NOTE | |||
r-oldrel-windows-x86_64 | 0.1.0 | 4.00 | 126.00 | 130.00 | NOTE |
Version: 0.1.0
Check: LazyData
Result: NOTE
'LazyData' is specified without a 'data' directory
Flavors: r-devel-linux-x86_64-debian-clang, r-devel-linux-x86_64-debian-gcc, r-devel-linux-x86_64-fedora-clang, r-devel-linux-x86_64-fedora-gcc, r-devel-windows-x86_64, r-patched-linux-x86_64, r-release-linux-x86_64, r-release-macos-arm64, r-release-macos-x86_64, r-release-windows-x86_64, r-oldrel-macos-arm64, r-oldrel-macos-x86_64, r-oldrel-windows-x86_64