Last updated on 2024-03-28 19:48:46 CET.
Flavor | Version | Tinstall | Tcheck | Ttotal | Status | Flags |
---|---|---|---|---|---|---|
r-devel-linux-x86_64-debian-clang | 2.19.0 | 29.31 | 294.78 | 324.09 | OK | |
r-devel-linux-x86_64-debian-gcc | 2.19.0 | 19.35 | 222.39 | 241.74 | OK | |
r-devel-linux-x86_64-fedora-clang | 2.19.0 | 392.44 | NOTE | |||
r-devel-linux-x86_64-fedora-gcc | 2.19.0 | 421.93 | OK | |||
r-devel-windows-x86_64 | 2.19.0 | 27.00 | 287.00 | 314.00 | OK | |
r-patched-linux-x86_64 | 2.19.0 | 21.92 | 294.58 | 316.50 | OK | |
r-release-linux-x86_64 | 2.19.0 | 16.96 | 289.98 | 306.94 | OK | |
r-release-macos-arm64 | 2.19.0 | 134.00 | OK | |||
r-release-macos-x86_64 | 2.19.0 | 342.00 | OK | |||
r-release-windows-x86_64 | 2.19.0 | 36.00 | 312.00 | 348.00 | OK | |
r-oldrel-macos-arm64 | 2.19.0 | 129.00 | OK | |||
r-oldrel-windows-x86_64 | 2.19.0 | 29.00 | 265.00 | 294.00 | OK |
Version: 2.19.0
Check: installed package size
Result: NOTE
installed size is 5.9Mb
sub-directories of 1Mb or more:
doc 1.6Mb
libs 2.1Mb
Flavor: r-devel-linux-x86_64-fedora-clang