CRAN Package Check Results for Package spacetime

Last updated on 2023-06-05 20:57:52 CEST.

Flavor Version Tinstall Tcheck Ttotal Status Flags
r-devel-linux-x86_64-debian-clang 1.3-0 16.56 199.47 216.03 OK
r-devel-linux-x86_64-debian-gcc 1.3-0 11.96 151.73 163.69 OK
r-devel-linux-x86_64-fedora-clang 1.3-0 281.55 OK
r-devel-linux-x86_64-fedora-gcc 1.3-0 286.29 OK
r-devel-windows-x86_64 1.3-0 13.00 226.00 239.00 ERROR
r-patched-linux-x86_64 1.3-0 17.61 188.54 206.15 OK
r-release-linux-x86_64 1.3-0 14.83 190.44 205.27 OK
r-release-macos-arm64 1.3-0 126.00 OK
r-release-macos-x86_64 1.3-0 193.00 OK
r-release-windows-x86_64 1.3-0 18.00 248.00 266.00 ERROR
r-oldrel-macos-arm64 1.3-0 99.00 OK
r-oldrel-macos-x86_64 1.3-0 133.00 OK
r-oldrel-windows-x86_64 1.3-0 19.00 268.00 287.00 ERROR

Check Details

Version: 1.3-0
Check: re-building of vignette outputs
Result: ERROR
    Error(s) in re-building vignettes:
    --- re-building 'stgvis.Rmd' using knitr
    Loading required package: plm
    Error: processing vignette 'stgvis.Rmd' failed with diagnostics:
    file name conversion problem -- name too long?
    --- failed re-building 'stgvis.Rmd'
    
    --- re-building 'jss816.Rnw' using Sweave
    Linking to GEOS 3.11.2, GDAL 3.6.2, PROJ 9.2.0; sf_use_s2() is TRUE
    The legacy packages maptools, rgdal, and rgeos, underpinning this package
    will retire shortly. Please refer to R-spatial evolution reports on
    https://r-spatial.org/r/2023/05/15/evolution4.html for details.
    This package is now running under evolution status 0
    Loading required package: zoo
    
    Attaching package: 'zoo'
    
    The following objects are masked from 'package:base':
    
     as.Date, as.Date.numeric
    
    Warning in krigeST(values ~ 1, wind.data, pred.grd, v) :
     The spatio-temporal variogram model does not carry the strongly recommended attribute 'temporal unit'.
     The unit 'secs' has been assumed. krigeST could not check whether the temporal distances between locations and in the variogram coincide.
    
    Attaching package: 'boot'
    
    The following object is masked from 'package:lattice':
    
     melanoma
    
    
    Attaching package: 'adehabitatLT'
    
    The following object is masked from 'package:zoo':
    
     is.regular
    
    --- finished re-building 'jss816.Rnw'
    
    --- re-building 'sto.Rnw' using Sweave
    The legacy packages maptools, rgdal, and rgeos, underpinning this package
    will retire shortly. Please refer to R-spatial evolution reports on
    https://r-spatial.org/r/2023/05/15/evolution4.html for details.
    This package is now running under evolution status 0
    
    Attaching package: 'zoo'
    
    The following objects are masked from 'package:base':
    
     as.Date, as.Date.numeric
    
    --- finished re-building 'sto.Rnw'
    
    --- re-building 'stpg.Rnw' using Sweave
    The legacy packages maptools, rgdal, and rgeos, underpinning this package
    will retire shortly. Please refer to R-spatial evolution reports on
    https://r-spatial.org/r/2023/05/15/evolution4.html for details.
    This package is now running under evolution status 0
    Warning: undefined slot classes in definition of "ST_PG": con(class "PostgreSQLConnection")
    --- finished re-building 'stpg.Rnw'
    
    --- re-building 'stsubs.Rnw' using Sweave
    The legacy packages maptools, rgdal, and rgeos, underpinning this package
    will retire shortly. Please refer to R-spatial evolution reports on
    https://r-spatial.org/r/2023/05/15/evolution4.html for details.
    This package is now running under evolution status 0
    Loading required package: zoo
    
    Attaching package: 'zoo'
    
    The following objects are masked from 'package:base':
    
     as.Date, as.Date.numeric
    
    --- finished re-building 'stsubs.Rnw'
    
    SUMMARY: processing the following file failed:
     'stgvis.Rmd'
    
    Error: Vignette re-building failed.
    Execution halted
Flavor: r-devel-windows-x86_64

Version: 1.3-0
Check: re-building of vignette outputs
Result: ERROR
    Error(s) in re-building vignettes:
    --- re-building 'stgvis.Rmd' using knitr
    Loading required package: plm
    Error: processing vignette 'stgvis.Rmd' failed with diagnostics:
    file name conversion problem -- name too long?
    --- failed re-building 'stgvis.Rmd'
    
    --- re-building 'jss816.Rnw' using Sweave
    Linking to GEOS 3.11.2, GDAL 3.6.2, PROJ 9.2.0; sf_use_s2() is TRUE
    The legacy packages maptools, rgdal, and rgeos, underpinning this package
    will retire shortly. Please refer to R-spatial evolution reports on
    https://r-spatial.org/r/2023/05/15/evolution4.html for details.
    This package is now running under evolution status 0
    Loading required package: zoo
    
    Attaching package: 'zoo'
    
    The following objects are masked from 'package:base':
    
     as.Date, as.Date.numeric
    
    Warning in krigeST(values ~ 1, wind.data, pred.grd, v) :
     The spatio-temporal variogram model does not carry the strongly recommended attribute 'temporal unit'.
     The unit 'secs' has been assumed. krigeST could not check whether the temporal distances between locations and in the variogram coincide.
    
    Attaching package: 'boot'
    
    The following object is masked from 'package:lattice':
    
     melanoma
    
    
    Attaching package: 'adehabitatLT'
    
    The following object is masked from 'package:zoo':
    
     is.regular
    
    texify: major issue: Bis jetzt haben Sie als MiKTeX-Benutzer noch nicht nach Updates gesucht.
    --- finished re-building 'jss816.Rnw'
    
    --- re-building 'sto.Rnw' using Sweave
    The legacy packages maptools, rgdal, and rgeos, underpinning this package
    will retire shortly. Please refer to R-spatial evolution reports on
    https://r-spatial.org/r/2023/05/15/evolution4.html for details.
    This package is now running under evolution status 0
    
    Attaching package: 'zoo'
    
    The following objects are masked from 'package:base':
    
     as.Date, as.Date.numeric
    
    texify: major issue: Bis jetzt haben Sie als MiKTeX-Benutzer noch nicht nach Updates gesucht.
    --- finished re-building 'sto.Rnw'
    
    --- re-building 'stpg.Rnw' using Sweave
    The legacy packages maptools, rgdal, and rgeos, underpinning this package
    will retire shortly. Please refer to R-spatial evolution reports on
    https://r-spatial.org/r/2023/05/15/evolution4.html for details.
    This package is now running under evolution status 0
    Warning: undefined slot classes in definition of "ST_PG": con(class "PostgreSQLConnection")
    texify: major issue: Bis jetzt haben Sie als MiKTeX-Benutzer noch nicht nach Updates gesucht.
    --- finished re-building 'stpg.Rnw'
    
    --- re-building 'stsubs.Rnw' using Sweave
    The legacy packages maptools, rgdal, and rgeos, underpinning this package
    will retire shortly. Please refer to R-spatial evolution reports on
    https://r-spatial.org/r/2023/05/15/evolution4.html for details.
    This package is now running under evolution status 0
    Loading required package: zoo
    
    Attaching package: 'zoo'
    
    The following objects are masked from 'package:base':
    
     as.Date, as.Date.numeric
    
    texify: major issue: Bis jetzt haben Sie als MiKTeX-Benutzer noch nicht nach Updates gesucht.
    --- finished re-building 'stsubs.Rnw'
    
    SUMMARY: processing the following file failed:
     'stgvis.Rmd'
    
    Error: Vignette re-building failed.
    Execution halted
Flavor: r-release-windows-x86_64

Version: 1.3-0
Check: re-building of vignette outputs
Result: ERROR
    Error(s) in re-building vignettes:
    --- re-building 'stgvis.Rmd' using knitr
    Loading required package: plm
    Error: processing vignette 'stgvis.Rmd' failed with diagnostics:
    file name conversion problem -- name too long?
    --- failed re-building 'stgvis.Rmd'
    
    --- re-building 'jss816.Rnw' using Sweave
    Linking to GEOS 3.9.3, GDAL 3.5.2, PROJ 8.2.1; sf_use_s2() is TRUE
    The legacy packages maptools, rgdal, and rgeos, underpinning this package
    will retire shortly. Please refer to R-spatial evolution reports on
    https://r-spatial.org/r/2023/05/15/evolution4.html for details.
    This package is now running under evolution status 0
    Loading required package: zoo
    
    Attaching package: 'zoo'
    
    The following objects are masked from 'package:base':
    
     as.Date, as.Date.numeric
    
    Warning in krigeST(values ~ 1, wind.data, pred.grd, v) :
     The spatio-temporal variogram model does not carry the strongly recommended attribute 'temporal unit'.
     The unit 'secs' has been assumed. krigeST could not check whether the temporal distances between locations and in the variogram coincide.
    
    Attaching package: 'boot'
    
    The following object is masked from 'package:lattice':
    
     melanoma
    
    
    Attaching package: 'adehabitatLT'
    
    The following object is masked from 'package:zoo':
    
     is.regular
    
    texify: major issue: Bis jetzt haben Sie als MiKTeX-Benutzer noch nicht nach Updates gesucht.
    --- finished re-building 'jss816.Rnw'
    
    --- re-building 'sto.Rnw' using Sweave
    The legacy packages maptools, rgdal, and rgeos, underpinning this package
    will retire shortly. Please refer to R-spatial evolution reports on
    https://r-spatial.org/r/2023/05/15/evolution4.html for details.
    This package is now running under evolution status 0
    
    Attaching package: 'zoo'
    
    The following objects are masked from 'package:base':
    
     as.Date, as.Date.numeric
    
    texify: major issue: Bis jetzt haben Sie als MiKTeX-Benutzer noch nicht nach Updates gesucht.
    --- finished re-building 'sto.Rnw'
    
    --- re-building 'stpg.Rnw' using Sweave
    The legacy packages maptools, rgdal, and rgeos, underpinning this package
    will retire shortly. Please refer to R-spatial evolution reports on
    https://r-spatial.org/r/2023/05/15/evolution4.html for details.
    This package is now running under evolution status 0
    Warning: undefined slot classes in definition of "ST_PG": con(class "PostgreSQLConnection")
    texify: major issue: Bis jetzt haben Sie als MiKTeX-Benutzer noch nicht nach Updates gesucht.
    --- finished re-building 'stpg.Rnw'
    
    --- re-building 'stsubs.Rnw' using Sweave
    The legacy packages maptools, rgdal, and rgeos, underpinning this package
    will retire shortly. Please refer to R-spatial evolution reports on
    https://r-spatial.org/r/2023/05/15/evolution4.html for details.
    This package is now running under evolution status 0
    Loading required package: zoo
    
    Attaching package: 'zoo'
    
    The following objects are masked from 'package:base':
    
     as.Date, as.Date.numeric
    
    texify: major issue: Bis jetzt haben Sie als MiKTeX-Benutzer noch nicht nach Updates gesucht.
    --- finished re-building 'stsubs.Rnw'
    
    SUMMARY: processing the following file failed:
     'stgvis.Rmd'
    
    Error: Vignette re-building failed.
    Execution halted
Flavor: r-oldrel-windows-x86_64