Last updated on 2023-06-06 08:02:14 CEST.
Flavor | Version | Tinstall | Tcheck | Ttotal | Status | Flags |
---|---|---|---|---|---|---|
r-devel-linux-x86_64-debian-clang | 4.3.0 | 239.38 | 411.80 | 651.18 | OK | |
r-devel-linux-x86_64-debian-gcc | 4.3.0 | 192.07 | 310.66 | 502.73 | OK | |
r-devel-linux-x86_64-fedora-clang | 4.3.0 | 851.85 | NOTE | |||
r-devel-linux-x86_64-fedora-gcc | 4.3.0 | 832.28 | OK | |||
r-devel-windows-x86_64 | 4.3.0 | 166.00 | 303.00 | 469.00 | NOTE | |
r-patched-linux-x86_64 | 4.3.0 | 188.19 | 394.51 | 582.70 | OK | |
r-release-linux-x86_64 | 4.3.0 | 165.22 | 399.08 | 564.30 | OK | |
r-release-macos-arm64 | 4.3.0 | 201.00 | NOTE | |||
r-release-macos-x86_64 | 4.2.1 | 343.00 | NOTE | |||
r-release-windows-x86_64 | 4.3.0 | 220.00 | 419.00 | 639.00 | NOTE | |
r-oldrel-macos-arm64 | 4.3.0 | 185.00 | NOTE | |||
r-oldrel-macos-x86_64 | 4.3.0 | 230.00 | NOTE | |||
r-oldrel-windows-x86_64 | 4.3.0 | 207.00 | 390.00 | 597.00 | NOTE |
Version: 4.3.0
Check: installed package size
Result: NOTE
installed size is 5.0Mb
sub-directories of 1Mb or more:
R 2.7Mb
libs 1.0Mb
Flavors: r-devel-linux-x86_64-fedora-clang, r-devel-windows-x86_64, r-release-macos-arm64, r-release-windows-x86_64, r-oldrel-macos-arm64, r-oldrel-macos-x86_64, r-oldrel-windows-x86_64
Version: 4.2.1
Check: installed package size
Result: NOTE
installed size is 38.7Mb
sub-directories of 1Mb or more:
R 3.1Mb
libs 34.3Mb
Flavor: r-release-macos-x86_64