Last updated on 2023-06-03 08:05:57 CEST.
Flavor | Version | Tinstall | Tcheck | Ttotal | Status | Flags |
---|---|---|---|---|---|---|
r-devel-linux-x86_64-debian-clang | 0.1.0 | 76.86 | 61.00 | 137.86 | NOTE | |
r-devel-linux-x86_64-debian-gcc | 0.1.0 | 57.65 | 46.60 | 104.25 | NOTE | |
r-devel-linux-x86_64-fedora-clang | 0.1.0 | 213.13 | NOTE | |||
r-devel-linux-x86_64-fedora-gcc | 0.1.0 | 187.31 | NOTE | |||
r-devel-windows-x86_64 | 0.1.0 | 61.00 | 87.00 | 148.00 | NOTE | |
r-patched-linux-x86_64 | 0.1.0 | NOTE | ||||
r-release-linux-x86_64 | 0.1.0 | 67.51 | 58.20 | 125.71 | NOTE | |
r-release-macos-arm64 | 0.1.0 | 44.00 | NOTE | |||
r-release-macos-x86_64 | 0.1.0 | 82.00 | NOTE | |||
r-release-windows-x86_64 | 0.1.0 | 76.00 | 102.00 | 178.00 | NOTE | |
r-oldrel-macos-arm64 | 0.1.0 | 47.00 | OK | |||
r-oldrel-macos-x86_64 | 0.1.0 | 60.00 | OK | |||
r-oldrel-windows-x86_64 | 0.1.0 | 77.00 | 95.00 | 172.00 | OK |
Version: 0.1.0
Check: C++ specification
Result: NOTE
Specified C++11: please drop specification unless essential
Flavors: r-devel-linux-x86_64-debian-clang, r-devel-linux-x86_64-debian-gcc, r-devel-linux-x86_64-fedora-clang, r-devel-linux-x86_64-fedora-gcc, r-devel-windows-x86_64, r-patched-linux-x86_64, r-release-linux-x86_64, r-release-macos-arm64, r-release-macos-x86_64, r-release-windows-x86_64