Last updated on 2023-06-08 19:54:23 CEST.
Flavor | Version | Tinstall | Tcheck | Ttotal | Status | Flags |
---|---|---|---|---|---|---|
r-devel-linux-x86_64-debian-clang | 1.3 | 269.23 | 295.82 | 565.05 | OK | |
r-devel-linux-x86_64-debian-gcc | 1.3 | 208.01 | 223.84 | 431.85 | OK | |
r-devel-linux-x86_64-fedora-clang | 1.3 | 803.83 | OK | |||
r-devel-linux-x86_64-fedora-gcc | 1.3 | 785.51 | OK | |||
r-devel-windows-x86_64 | 1.3 | 199.00 | 289.00 | 488.00 | OK | |
r-patched-linux-x86_64 | 1.3 | 217.31 | 287.51 | 504.82 | OK | |
r-release-linux-x86_64 | 1.3 | 212.66 | 289.11 | 501.77 | OK | |
r-release-macos-arm64 | 1.3 | 267.00 | NOTE | |||
r-release-macos-x86_64 | 1.3 | 366.00 | NOTE | |||
r-release-windows-x86_64 | 1.3 | 253.00 | 365.00 | 618.00 | OK | |
r-oldrel-macos-arm64 | 1.3 | 221.00 | NOTE | |||
r-oldrel-macos-x86_64 | 1.3 | 233.00 | NOTE | |||
r-oldrel-windows-x86_64 | 1.3 | 250.00 | 314.00 | 564.00 | OK |
Version: 1.3
Check: installed package size
Result: NOTE
installed size is 9.3Mb
sub-directories of 1Mb or more:
libs 8.7Mb
Flavors: r-release-macos-arm64, r-release-macos-x86_64, r-oldrel-macos-arm64, r-oldrel-macos-x86_64