Last updated on 2024-04-18 20:56:07 CEST.
Flavor | Version | Tinstall | Tcheck | Ttotal | Status | Flags |
---|---|---|---|---|---|---|
r-devel-linux-x86_64-debian-clang | 1.1.8 | 566.81 | 93.75 | 660.56 | OK | |
r-devel-linux-x86_64-debian-gcc | 1.1.8 | 435.82 | 68.85 | 504.67 | OK | |
r-devel-linux-x86_64-fedora-clang | 1.1.8 | 876.62 | OK | |||
r-devel-linux-x86_64-fedora-gcc | 1.1.8 | 972.73 | OK | |||
r-prerel-macos-arm64 | 1.1.8 | 162.00 | NOTE | |||
r-prerel-macos-x86_64 | 1.1.8 | 200.00 | NOTE | |||
r-prerel-windows-x86_64 | 1.1.8 | 396.00 | 124.00 | 520.00 | OK | |
r-patched-linux-x86_64 | 1.1.8 | 547.34 | 90.62 | 637.96 | OK | |
r-release-linux-x86_64 | 1.1.8 | 511.34 | 89.71 | 601.05 | OK | |
r-release-macos-arm64 | 1.1.8 | 179.00 | NOTE | |||
r-release-macos-x86_64 | 1.1.8 | 185.00 | NOTE | |||
r-release-windows-x86_64 | 1.1.8 | 506.00 | 145.00 | 651.00 | OK | |
r-oldrel-macos-arm64 | 1.1.8 | 170.00 | NOTE | |||
r-oldrel-windows-x86_64 | 1.1.8 | 480.00 | 138.00 | 618.00 | OK |
Version: 1.1.8
Check: installed package size
Result: NOTE
installed size is 22.5Mb
sub-directories of 1Mb or more:
libs 21.6Mb
Flavors: r-prerel-macos-arm64, r-prerel-macos-x86_64, r-release-macos-arm64, r-release-macos-x86_64, r-oldrel-macos-arm64