Last updated on 2023-06-06 20:09:56 CEST.
Flavor | Version | Tinstall | Tcheck | Ttotal | Status | Flags |
---|---|---|---|---|---|---|
r-devel-linux-x86_64-debian-clang | 1.3 | 272.57 | 93.19 | 365.76 | OK | |
r-devel-linux-x86_64-debian-gcc | 1.3 | 201.66 | 71.15 | 272.81 | OK | |
r-devel-linux-x86_64-fedora-clang | 1.3 | 533.50 | OK | |||
r-devel-linux-x86_64-fedora-gcc | 1.3 | 531.57 | OK | |||
r-devel-windows-x86_64 | 1.3 | 193.00 | 109.00 | 302.00 | OK | |
r-patched-linux-x86_64 | 1.3 | 220.70 | 88.11 | 308.81 | OK | |
r-release-linux-x86_64 | 1.3 | 202.11 | 88.71 | 290.82 | OK | |
r-release-macos-arm64 | 1.3 | 124.00 | NOTE | |||
r-release-macos-x86_64 | 1.3 | 178.00 | NOTE | |||
r-release-windows-x86_64 | 1.3 | 244.00 | 123.00 | 367.00 | OK | |
r-oldrel-macos-arm64 | 1.3 | 85.00 | NOTE | |||
r-oldrel-macos-x86_64 | 1.3 | 141.00 | NOTE | |||
r-oldrel-windows-x86_64 | 1.3 | 240.00 | 126.00 | 366.00 | OK |
Version: 1.3
Check: installed package size
Result: NOTE
installed size is 13.7Mb
sub-directories of 1Mb or more:
data 3.1Mb
libs 10.1Mb
Flavors: r-release-macos-arm64, r-release-macos-x86_64, r-oldrel-macos-arm64, r-oldrel-macos-x86_64