Last updated on 2023-12-07 06:51:59 CET.
Flavor | Version | Tinstall | Tcheck | Ttotal | Status | Flags |
---|---|---|---|---|---|---|
r-devel-linux-x86_64-debian-clang | 0.8.21 | 11.14 | 102.74 | 113.88 | NOTE | |
r-devel-linux-x86_64-debian-gcc | 0.8.21 | 8.36 | 77.21 | 85.57 | NOTE | |
r-devel-linux-x86_64-fedora-clang | 0.8.21 | 136.82 | NOTE | |||
r-devel-linux-x86_64-fedora-gcc | 0.8.21 | 150.43 | NOTE | |||
r-devel-windows-x86_64 | 0.8.21 | 10.00 | 88.00 | 98.00 | OK | |
r-patched-linux-x86_64 | 0.8.21 | 7.17 | 98.71 | 105.88 | OK | |
r-release-linux-x86_64 | 0.8.21 | 6.07 | 96.97 | 103.04 | OK | |
r-release-macos-arm64 | 0.8.21 | 50.00 | OK | |||
r-release-macos-x86_64 | 0.8.21 | 111.00 | OK | |||
r-release-windows-x86_64 | 0.8.21 | 13.00 | 103.00 | 116.00 | OK | |
r-oldrel-macos-arm64 | 0.8.21 | 47.00 | OK | |||
r-oldrel-macos-x86_64 | 0.8.21 | 63.00 | OK | |||
r-oldrel-windows-x86_64 | 0.8.21 | 13.00 | 106.00 | 119.00 | OK |
Version: 0.8.21
Check: Rd files
Result: NOTE
checkRd: (-1) load_sorvi_data.Rd:23: Lost braces in \itemize; meant \describe ?
Flavors: r-devel-linux-x86_64-debian-clang, r-devel-linux-x86_64-debian-gcc
Version: 0.8.21
Check: data for non-ASCII characters
Result: NOTE
Note: found 1245 marked UTF-8 strings
Flavors: r-devel-linux-x86_64-fedora-clang, r-devel-linux-x86_64-fedora-gcc