Last updated on 2024-04-26 08:55:15 CEST.
Flavor | Version | Tinstall | Tcheck | Ttotal | Status | Flags |
---|---|---|---|---|---|---|
r-devel-linux-x86_64-debian-clang | 0.3-5.1 | 4.73 | 27.49 | 32.22 | NOTE | |
r-devel-linux-x86_64-debian-gcc | 0.3-5.1 | 4.41 | 21.17 | 25.58 | NOTE | |
r-devel-linux-x86_64-fedora-clang | 0.3-5.1 | 43.21 | NOTE | |||
r-devel-linux-x86_64-fedora-gcc | 0.3-5.1 | 40.05 | NOTE | |||
r-devel-windows-x86_64 | 0.3-5.1 | 6.00 | 45.00 | 51.00 | NOTE | |
r-patched-linux-x86_64 | 0.3-5.1 | 5.85 | 26.18 | 32.03 | NOTE | |
r-release-linux-x86_64 | 0.3-5.1 | 5.47 | 27.51 | 32.98 | NOTE | |
r-release-macos-arm64 | 0.3-5.1 | 18.00 | NOTE | |||
r-release-windows-x86_64 | 0.3-5.1 | 7.00 | 46.00 | 53.00 | NOTE | |
r-oldrel-macos-arm64 | 0.3-5.1 | 18.00 | NOTE | |||
r-oldrel-macos-x86_64 | 0.3-5.1 | 25.00 | NOTE | |||
r-oldrel-windows-x86_64 | 0.3-5.1 | 9.00 | 62.00 | 71.00 | NOTE |
Version: 0.3-5.1
Check: Rd files
Result: NOTE
checkRd: (-1) plot.som.Rd:27: Escaped LaTeX specials: \_
checkRd: (-1) som.Rd:128: Escaped LaTeX specials: \_
Flavors: r-devel-linux-x86_64-debian-clang, r-devel-linux-x86_64-debian-gcc, r-devel-linux-x86_64-fedora-clang, r-devel-linux-x86_64-fedora-gcc, r-devel-windows-x86_64, r-patched-linux-x86_64, r-release-linux-x86_64, r-release-macos-arm64, r-release-windows-x86_64, r-oldrel-macos-arm64, r-oldrel-macos-x86_64, r-oldrel-windows-x86_64
Version: 0.3-5.1
Check: compiled code
Result: NOTE
File ‘som/libs/som.so’:
Found no calls to: ‘R_registerRoutines’, ‘R_useDynamicSymbols’
It is good practice to register native routines and to disable symbol
search.
See ‘Writing portable packages’ in the ‘Writing R Extensions’ manual.
Flavors: r-devel-linux-x86_64-fedora-clang, r-devel-linux-x86_64-fedora-gcc