Last updated on 2024-04-23 19:51:00 CEST.
Flavor | Version | Tinstall | Tcheck | Ttotal | Status | Flags |
---|---|---|---|---|---|---|
r-devel-linux-x86_64-debian-clang | 0.46 | 8.00 | 84.48 | 92.48 | OK | |
r-devel-linux-x86_64-debian-gcc | 0.46 | 10.19 | 63.30 | 73.49 | OK | |
r-devel-linux-x86_64-fedora-clang | 0.46 | 120.33 | OK | |||
r-devel-linux-x86_64-fedora-gcc | 0.46 | 113.75 | OK | |||
r-prerel-macos-arm64 | 0.46 | 35.00 | OK | |||
r-prerel-windows-x86_64 | 0.46 | 14.00 | 95.00 | 109.00 | OK | |
r-patched-linux-x86_64 | 0.46 | 14.72 | 78.83 | 93.55 | OK | |
r-release-linux-x86_64 | 0.46 | 11.30 | 79.16 | 90.46 | OK | |
r-release-macos-arm64 | 0.46 | 40.00 | OK | |||
r-release-macos-x86_64 | 0.46 | 60.00 | NOTE | |||
r-release-windows-x86_64 | 0.46 | 16.00 | 110.00 | 126.00 | OK | |
r-oldrel-macos-arm64 | 0.46 | 33.00 | OK | |||
r-oldrel-windows-x86_64 | 0.46 | 17.00 | 107.00 | 124.00 | OK |
Version: 0.46
Check: package dependencies
Result: NOTE
Packages suggested but not available for checking:
'raster', 'rasterVis', 'meteoForecast'
Flavor: r-release-macos-x86_64