Last updated on 2024-04-19 19:50:28 CEST.
Flavor | Version | Tinstall | Tcheck | Ttotal | Status | Flags |
---|---|---|---|---|---|---|
r-devel-linux-x86_64-debian-clang | 5.0 | 39.14 | 169.77 | 208.91 | NOTE | |
r-devel-linux-x86_64-debian-gcc | 5.0 | NOTE | ||||
r-devel-linux-x86_64-fedora-clang | 5.0 | 258.39 | NOTE | |||
r-devel-linux-x86_64-fedora-gcc | 5.0 | 261.30 | NOTE | |||
r-prerel-macos-arm64 | 5.0 | 115.00 | NOTE | |||
r-prerel-windows-x86_64 | 5.0 | 26.00 | 123.00 | 149.00 | NOTE | |
r-patched-linux-x86_64 | 5.0 | 35.80 | 164.31 | 200.11 | NOTE | |
r-release-linux-x86_64 | 5.0 | 31.58 | 149.61 | 181.19 | NOTE | |
r-release-macos-arm64 | 5.0 | 82.00 | NOTE | |||
r-release-macos-x86_64 | 5.0 | 158.00 | NOTE | |||
r-release-windows-x86_64 | 5.0 | 30.00 | 149.00 | 179.00 | NOTE | |
r-oldrel-macos-arm64 | 5.0 | 122.00 | OK | |||
r-oldrel-windows-x86_64 | 5.0 | 32.00 | 154.00 | 186.00 | NOTE |
Version: 5.0
Check: Rd files
Result: NOTE
checkRd: (-1) llwrPTF.Rd:7: Escaped LaTeX specials: \&
Flavors: r-devel-linux-x86_64-debian-clang, r-devel-linux-x86_64-debian-gcc, r-devel-linux-x86_64-fedora-clang, r-devel-linux-x86_64-fedora-gcc, r-prerel-macos-arm64, r-prerel-windows-x86_64, r-patched-linux-x86_64, r-release-linux-x86_64, r-release-macos-arm64, r-release-macos-x86_64, r-release-windows-x86_64
Version: 5.0
Check: installed package size
Result: NOTE
installed size is 5.2Mb
sub-directories of 1Mb or more:
R 3.3Mb
doc 1.1Mb
Flavors: r-devel-linux-x86_64-fedora-clang, r-prerel-macos-arm64, r-prerel-windows-x86_64, r-release-macos-arm64, r-release-macos-x86_64, r-release-windows-x86_64, r-oldrel-windows-x86_64