CRAN Package Check Results for Package sofa

Last updated on 2023-12-04 07:51:22 CET.

Flavor Version Tinstall Tcheck Ttotal Status Flags
r-devel-linux-x86_64-debian-clang 0.4.0 5.31 43.02 48.33 NOTE
r-devel-linux-x86_64-debian-gcc 0.4.0 3.87 32.10 35.97 NOTE
r-devel-linux-x86_64-fedora-clang 0.4.0 58.15 OK
r-devel-linux-x86_64-fedora-gcc 0.4.0 66.97 OK
r-devel-windows-x86_64 0.4.0 5.00 64.00 69.00 OK
r-patched-linux-x86_64 0.4.0 5.75 40.52 46.27 OK
r-release-linux-x86_64 0.4.0 4.16 40.53 44.69 OK
r-release-macos-arm64 0.4.0 29.00 OK
r-release-macos-x86_64 0.4.0 42.00 OK
r-release-windows-x86_64 0.4.0 6.00 68.00 74.00 OK
r-oldrel-macos-arm64 0.4.0 25.00 OK
r-oldrel-macos-x86_64 0.4.0 32.00 OK
r-oldrel-windows-x86_64 0.4.0 6.00 69.00 75.00 OK

Check Details

Version: 0.4.0
Check: Rd files
Result: NOTE checkRd: (-1) db_compact.Rd:41: Lost braces; missing escapes or markup? 41 | database structure will be set to true. See GET /{db}. You can also obtain a list of | ^ Flavors: r-devel-linux-x86_64-debian-clang, r-devel-linux-x86_64-debian-gcc