Last updated on 2024-04-26 08:55:15 CEST.
Flavor | Version | Tinstall | Tcheck | Ttotal | Status | Flags |
---|---|---|---|---|---|---|
r-devel-linux-x86_64-debian-clang | 1.1.0 | 5.72 | 76.57 | 82.29 | OK | |
r-devel-linux-x86_64-debian-gcc | 1.1.0 | 3.84 | 58.10 | 61.94 | OK | |
r-devel-linux-x86_64-fedora-clang | 1.1.0 | 101.70 | NOTE | |||
r-devel-linux-x86_64-fedora-gcc | 1.1.0 | 109.15 | OK | |||
r-devel-windows-x86_64 | 1.1.0 | 5.00 | 100.00 | 105.00 | OK | |
r-patched-linux-x86_64 | 1.1.0 | 7.03 | 73.35 | 80.38 | OK | |
r-release-linux-x86_64 | 1.1.0 | 4.36 | 74.19 | 78.55 | OK | |
r-release-macos-arm64 | 1.1.0 | 41.00 | OK | |||
r-release-windows-x86_64 | 1.1.0 | 5.00 | 97.00 | 102.00 | OK | |
r-oldrel-macos-arm64 | 1.1.0 | 45.00 | OK | |||
r-oldrel-macos-x86_64 | 1.1.0 | 99.00 | OK | |||
r-oldrel-windows-x86_64 | 1.1.0 | 7.00 | 107.00 | 114.00 | OK |
Version: 1.1.0
Check: Rd cross-references
Result: NOTE
Undeclared package ‘numbers’ in Rd xrefs
Flavor: r-devel-linux-x86_64-fedora-clang