Last updated on 2023-09-24 08:58:30 CEST.
Flavor | Version | Tinstall | Tcheck | Ttotal | Status | Flags |
---|---|---|---|---|---|---|
r-devel-linux-x86_64-debian-clang | 0.8.0 | 11.44 | 120.43 | 131.87 | OK | |
r-devel-linux-x86_64-debian-gcc | 0.8.0 | 8.45 | 86.65 | 95.10 | OK | |
r-devel-linux-x86_64-fedora-clang | 0.8.0 | 157.92 | NOTE | |||
r-devel-linux-x86_64-fedora-gcc | 0.8.0 | 151.47 | NOTE | |||
r-devel-windows-x86_64 | 0.8.0 | 14.00 | 116.00 | 130.00 | OK | |
r-patched-linux-x86_64 | 0.8.0 | 19.14 | 110.79 | 129.93 | OK | |
r-release-linux-x86_64 | 0.8.0 | 7.49 | 111.49 | 118.98 | OK | |
r-release-macos-arm64 | 0.8.0 | 47.00 | OK | |||
r-release-macos-x86_64 | 0.8.0 | 74.00 | OK | |||
r-release-windows-x86_64 | 0.8.0 | 16.00 | 134.00 | 150.00 | OK | |
r-oldrel-macos-arm64 | 0.8.0 | 40.00 | NOTE | |||
r-oldrel-macos-x86_64 | 0.8.0 | 78.00 | NOTE | |||
r-oldrel-windows-x86_64 | 0.8.0 | 17.00 | 136.00 | 153.00 | OK |
Version: 0.8.0
Check: dependencies in R code
Result: NOTE
Namespaces in Imports field not imported from:
‘FactoMineR’ ‘flextable’ ‘htmlTable’ ‘stringr’
All declared Imports should be used.
Flavors: r-devel-linux-x86_64-fedora-clang, r-devel-linux-x86_64-fedora-gcc, r-oldrel-macos-arm64, r-oldrel-macos-x86_64
Version: 0.8.0
Check: data for non-ASCII characters
Result: NOTE
Note: found 938 marked UTF-8 strings
Flavors: r-devel-linux-x86_64-fedora-clang, r-devel-linux-x86_64-fedora-gcc, r-oldrel-macos-arm64, r-oldrel-macos-x86_64