Last updated on 2023-10-01 08:52:11 CEST.
Flavor | Version | Tinstall | Tcheck | Ttotal | Status | Flags |
---|---|---|---|---|---|---|
r-devel-linux-x86_64-debian-clang | 0.11.1 | 1.95 | 44.91 | 46.86 | OK | |
r-devel-linux-x86_64-debian-gcc | 0.11.1 | 2.43 | 34.19 | 36.62 | OK | |
r-devel-linux-x86_64-fedora-clang | 0.11.1 | 59.49 | OK | |||
r-devel-linux-x86_64-fedora-gcc | 0.11.1 | 68.13 | OK | |||
r-devel-windows-x86_64 | 0.11.1 | 4.00 | 59.00 | 63.00 | OK | |
r-patched-linux-x86_64 | 0.11.1 | 3.13 | 44.24 | 47.37 | OK | |
r-release-linux-x86_64 | 0.11.1 | 3.18 | 43.12 | 46.30 | OK | |
r-release-macos-arm64 | 0.11.1 | 43.00 | OK | |||
r-release-macos-x86_64 | 0.11.1 | 57.00 | OK | |||
r-release-windows-x86_64 | 0.11.1 | 5.00 | 61.00 | 66.00 | OK | |
r-oldrel-macos-arm64 | 0.11.1 | 25.00 | OK | |||
r-oldrel-macos-x86_64 | 0.11.1 | 40.00 | OK | |||
r-oldrel-windows-x86_64 | 0.11.1 | 5.00 | 61.00 | 66.00 | WARN |
Version: 0.11.1
Check: R files for syntax errors
Result: WARN
Warnings in file 'R/replace_special_characters_internal.R':
unable to translate '<U+00C4>' to native encoding
unable to translate '<U+00D6>' to native encoding
unable to translate '<U+00DC>' to native encoding
unable to translate '<U+00E4>' to native encoding
unable to translate '<U+00F6>' to native encoding
unable to translate '<U+00FC>' to native encoding
unable to translate '<U+00DF>' to native encoding
unable to translate '<U+00C6>' to native encoding
unable to translate '<U+00E6>' to native encoding
unable to translate '<U+00D8>' to native encoding
unable to translate '<U+00F8>' to native encoding
unable to translate '<U+00C5>' to native encoding
unable to translate '<U+00E5>' to native encoding
unable to translate '<U+00C6>' to native encoding
unable to translate '<U+00E6>' to native encoding
unable to translate '<U+00D8>' to native encoding
unable to translate '<U+00F8>' to native encoding
unable to translate '<U+00C6>' to native encoding
unable to translate '<U+00E6>' to native encoding
unable to translate '<U+00D8>' to native encoding
unable to translate '<U+00F8>' to native encoding
unable to translate '<U+00C5>' to native encoding
unable to translate '<U+00E5>' to native encoding
Flavor: r-oldrel-windows-x86_64