Last updated on 2023-06-02 20:56:38 CEST.
Flavor | Version | Tinstall | Tcheck | Ttotal | Status | Flags |
---|---|---|---|---|---|---|
r-devel-linux-x86_64-debian-clang | 3.2.0 | 210.47 | 549.11 | 759.58 | NOTE | |
r-devel-linux-x86_64-debian-gcc | 3.2.0 | 174.51 | 399.38 | 573.89 | NOTE | |
r-devel-linux-x86_64-fedora-clang | 3.2.1 | 687.24 | NOTE | |||
r-devel-linux-x86_64-fedora-gcc | 3.2.1 | 693.60 | OK | |||
r-devel-windows-x86_64 | 3.2.1 | 135.00 | 135.00 | 270.00 | NOTE | --no-vignettes |
r-patched-linux-x86_64 | 3.2.0 | NOTE | ||||
r-release-linux-x86_64 | 3.2.0 | 170.65 | 508.26 | 678.91 | NOTE | |
r-release-macos-arm64 | 3.2.0 | 274.00 | NOTE | |||
r-release-macos-x86_64 | 3.2.0 | 440.00 | NOTE | |||
r-release-windows-x86_64 | 3.2.0 | 213.00 | 193.00 | 406.00 | NOTE | --no-vignettes |
r-oldrel-macos-arm64 | 3.2.0 | 170.00 | NOTE | |||
r-oldrel-macos-x86_64 | 3.2.0 | 290.00 | NOTE | |||
r-oldrel-windows-x86_64 | 3.2.1 | 135.00 | 143.00 | 278.00 | NOTE | --no-vignettes |
Version: 3.2.0
Check: C++ specification
Result: NOTE
Specified C++11: please drop specification unless essential
Flavors: r-devel-linux-x86_64-debian-clang, r-devel-linux-x86_64-debian-gcc, r-patched-linux-x86_64, r-release-linux-x86_64, r-release-macos-arm64, r-release-macos-x86_64
Version: 3.2.1
Check: installed package size
Result: NOTE
installed size is 6.0Mb
sub-directories of 1Mb or more:
R 1.3Mb
doc 3.4Mb
Flavor: r-devel-linux-x86_64-fedora-clang
Version: 3.2.1
Flags: --no-vignettes
Check: package dependencies
Result: NOTE
Package suggested but not available for checking: 'doMC'
Flavors: r-devel-windows-x86_64, r-oldrel-windows-x86_64
Version: 3.2.1
Flags: --no-vignettes
Check: installed package size
Result: NOTE
installed size is 6.7Mb
sub-directories of 1Mb or more:
R 1.3Mb
doc 3.3Mb
libs 1.7Mb
Flavors: r-devel-windows-x86_64, r-oldrel-windows-x86_64
Version: 3.2.0
Check: installed package size
Result: NOTE
installed size is 16.3Mb
sub-directories of 1Mb or more:
R 2.0Mb
doc 3.3Mb
libs 10.6Mb
Flavors: r-release-macos-arm64, r-release-macos-x86_64, r-oldrel-macos-arm64, r-oldrel-macos-x86_64
Version: 3.2.0
Check: package dependencies
Result: NOTE
Package suggested but not available for checking: ‘legion’
Flavor: r-release-macos-x86_64
Version: 3.2.0
Flags: --no-vignettes
Check: package dependencies
Result: NOTE
Package suggested but not available for checking: 'doMC'
Flavor: r-release-windows-x86_64
Version: 3.2.0
Flags: --no-vignettes
Check: C++ specification
Result: NOTE
Specified C++11: please drop specification unless essential
Flavor: r-release-windows-x86_64
Version: 3.2.0
Flags: --no-vignettes
Check: installed package size
Result: NOTE
installed size is 6.7Mb
sub-directories of 1Mb or more:
R 1.3Mb
doc 3.3Mb
libs 1.7Mb
Flavor: r-release-windows-x86_64