CRAN Package Check Results for Package smog

Last updated on 2023-06-09 19:56:37 CEST.

Flavor Version Tinstall Tcheck Ttotal Status Flags
r-devel-linux-x86_64-debian-clang 2.1.0 61.76 78.17 139.93 NOTE
r-devel-linux-x86_64-debian-gcc 2.1.0 47.16 58.63 105.79 NOTE
r-devel-linux-x86_64-fedora-clang 2.1.0 200.47 NOTE
r-devel-linux-x86_64-fedora-gcc 2.1.0 195.58 NOTE
r-devel-windows-x86_64 2.1.0 52.00 103.00 155.00 NOTE
r-patched-linux-x86_64 2.1.0 48.87 70.53 119.40 NOTE
r-release-linux-x86_64 2.1.0 40.94 73.55 114.49 NOTE
r-release-macos-arm64 2.1.0 53.00 NOTE
r-release-macos-x86_64 2.1.0 88.00 NOTE
r-release-windows-x86_64 2.1.0 65.00 118.00 183.00 NOTE
r-oldrel-macos-arm64 2.1.0 47.00 NOTE
r-oldrel-macos-x86_64 2.1.0 77.00 NOTE
r-oldrel-windows-x86_64 2.1.0 64.00 108.00 172.00 NOTE

Check Details

Version: 2.1.0
Check: LazyData
Result: NOTE
     'LazyData' is specified without a 'data' directory
Flavors: r-devel-linux-x86_64-debian-clang, r-devel-linux-x86_64-debian-gcc, r-devel-linux-x86_64-fedora-clang, r-devel-linux-x86_64-fedora-gcc, r-devel-windows-x86_64, r-patched-linux-x86_64, r-release-linux-x86_64, r-release-macos-arm64, r-release-macos-x86_64, r-release-windows-x86_64, r-oldrel-macos-arm64, r-oldrel-macos-x86_64, r-oldrel-windows-x86_64

Version: 2.1.0
Check: dependencies in R code
Result: NOTE
    Namespaces in Imports field not imported from:
     ‘Rdpack’ ‘rmarkdown’
     All declared Imports should be used.
Flavors: r-devel-linux-x86_64-fedora-clang, r-devel-linux-x86_64-fedora-gcc, r-oldrel-macos-arm64, r-oldrel-macos-x86_64