Last updated on 2023-05-29 08:55:11 CEST.
Flavor | Version | Tinstall | Tcheck | Ttotal | Status | Flags |
---|---|---|---|---|---|---|
r-devel-linux-x86_64-debian-clang | 1.7.2 | 46.80 | 290.76 | 337.56 | OK | |
r-devel-linux-x86_64-debian-gcc | 1.7.2 | 35.95 | 201.25 | 237.20 | OK | |
r-devel-linux-x86_64-fedora-clang | 1.7.2 | 419.00 | OK | |||
r-devel-linux-x86_64-fedora-gcc | 1.7.2 | 419.65 | OK | |||
r-devel-windows-x86_64 | 1.7.2 | 38.00 | 274.00 | 312.00 | OK | |
r-patched-linux-x86_64 | 1.7.2 | 42.35 | 272.26 | 314.61 | OK | |
r-release-linux-x86_64 | 1.7.2 | 39.00 | 272.32 | 311.32 | OK | |
r-release-macos-arm64 | 1.7.2 | 168.00 | OK | |||
r-release-macos-x86_64 | 1.7.2 | 188.00 | NOTE | |||
r-release-windows-x86_64 | 1.7.2 | 52.00 | 326.00 | 378.00 | OK | |
r-oldrel-macos-arm64 | 1.7.2 | 138.00 | OK | |||
r-oldrel-macos-x86_64 | 1.7.2 | 133.00 | OK | |||
r-oldrel-windows-x86_64 | 1.7.2 | 46.00 | 277.00 | 323.00 | OK |
Version: 1.7.2
Check: package dependencies
Result: NOTE
Package suggested but not available for checking: ‘SpatialEpi’
Flavor: r-release-macos-x86_64