Last updated on 2023-12-03 07:52:12 CET.
Flavor | Version | Tinstall | Tcheck | Ttotal | Status | Flags |
---|---|---|---|---|---|---|
r-devel-linux-x86_64-debian-clang | 0.1.4 | 3.11 | 41.49 | 44.60 | NOTE | |
r-devel-linux-x86_64-debian-gcc | 0.1.4 | 2.75 | 32.16 | 34.91 | NOTE | |
r-devel-linux-x86_64-fedora-clang | 0.1.4 | 56.18 | OK | |||
r-devel-linux-x86_64-fedora-gcc | 0.1.4 | 54.83 | OK | |||
r-devel-windows-x86_64 | 0.1.4 | 5.00 | 56.00 | 61.00 | OK | |
r-patched-linux-x86_64 | 0.1.4 | 3.75 | 41.08 | 44.83 | OK | |
r-release-linux-x86_64 | 0.1.4 | 4.10 | 40.34 | 44.44 | OK | |
r-release-macos-arm64 | 0.1.4 | 26.00 | OK | |||
r-release-macos-x86_64 | 0.1.4 | 38.00 | OK | |||
r-release-windows-x86_64 | 0.1.4 | 6.00 | 59.00 | 65.00 | OK | |
r-oldrel-macos-arm64 | 0.1.4 | 31.00 | OK | |||
r-oldrel-macos-x86_64 | 0.1.4 | 44.00 | OK | |||
r-oldrel-windows-x86_64 | 0.1.4 | 5.00 | 80.00 | 85.00 | OK |
Version: 0.1.4
Check: Rd files
Result: NOTE
checkRd: (-1) smdocker_log.Rd:34: Lost braces in \itemize; meant \describe ?
checkRd: (-1) smdocker_log.Rd:35-37: Lost braces in \itemize; meant \describe ?
checkRd: (-1) smdocker_log.Rd:38: Lost braces in \itemize; meant \describe ?
checkRd: (-1) smdocker_log.Rd:16: Lost braces in \itemize; meant \describe ?
checkRd: (-1) smdocker_log.Rd:17: Lost braces in \itemize; meant \describe ?
checkRd: (-1) smdocker_log.Rd:18: Lost braces in \itemize; meant \describe ?
checkRd: (-1) smdocker_log.Rd:19: Lost braces in \itemize; meant \describe ?
Flavors: r-devel-linux-x86_64-debian-clang, r-devel-linux-x86_64-debian-gcc