Last updated on 2024-04-17 19:58:52 CEST.
Flavor | Version | Tinstall | Tcheck | Ttotal | Status | Flags |
---|---|---|---|---|---|---|
r-devel-linux-x86_64-debian-clang | 1.7.1 | 7.64 | 150.66 | 158.30 | OK | |
r-devel-linux-x86_64-debian-gcc | 1.7.1 | 8.92 | 107.15 | 116.07 | OK | |
r-devel-linux-x86_64-fedora-clang | 1.7.1 | 207.96 | NOTE | |||
r-devel-linux-x86_64-fedora-gcc | 1.7.1 | 205.67 | OK | |||
r-prerel-macos-arm64 | 1.7.1 | 61.00 | OK | |||
r-prerel-windows-x86_64 | 1.7.1 | 9.00 | 116.00 | 125.00 | OK | |
r-patched-linux-x86_64 | 1.7.1 | 7.26 | 144.20 | 151.46 | OK | |
r-release-linux-x86_64 | 1.7.1 | 8.25 | 148.71 | 156.96 | OK | |
r-release-macos-arm64 | 1.7.1 | 70.00 | OK | |||
r-release-macos-x86_64 | 1.7.1 | 107.00 | OK | |||
r-release-windows-x86_64 | 1.7.1 | 13.00 | 145.00 | 158.00 | OK | |
r-oldrel-macos-arm64 | 1.7.1 | 57.00 | OK | |||
r-oldrel-windows-x86_64 | 1.7.1 | 13.00 | 143.00 | 156.00 | OK |
Version: 1.7.1
Check: Rd cross-references
Result: NOTE
Undeclared package ‘mice’ in Rd xrefs
Flavor: r-devel-linux-x86_64-fedora-clang