Last updated on 2024-04-24 07:57:54 CEST.
Flavor | Version | Tinstall | Tcheck | Ttotal | Status | Flags |
---|---|---|---|---|---|---|
r-devel-linux-x86_64-debian-clang | 0.7.2 | 103.74 | 60.39 | 164.13 | NOTE | |
r-devel-linux-x86_64-debian-gcc | 0.7.2 | 73.54 | 44.62 | 118.16 | NOTE | |
r-devel-linux-x86_64-fedora-clang | 0.7.2 | 231.72 | NOTE | |||
r-devel-linux-x86_64-fedora-gcc | 0.7.2 | 240.36 | NOTE | |||
r-prerel-macos-arm64 | 0.7.2 | 57.00 | NOTE | |||
r-prerel-windows-x86_64 | 0.7.2 | 82.00 | 98.00 | 180.00 | NOTE | |
r-patched-linux-x86_64 | 0.7.2 | 68.27 | 59.87 | 128.14 | NOTE | |
r-release-linux-x86_64 | 0.7.2 | 66.32 | 55.55 | 121.87 | NOTE | |
r-release-macos-arm64 | 0.7.2 | 60.00 | NOTE | |||
r-release-macos-x86_64 | 0.7.2 | 95.00 | NOTE | |||
r-release-windows-x86_64 | 0.7.2 | 97.00 | 107.00 | 204.00 | NOTE | |
r-oldrel-macos-arm64 | 0.7.2 | 53.00 | NOTE | |||
r-oldrel-windows-x86_64 | 0.7.2 | 90.00 | 99.00 | 189.00 | NOTE |
Version: 0.7.2
Check: for GNU extensions in Makefiles
Result: NOTE
GNU make is a SystemRequirements.
Flavors: r-devel-linux-x86_64-debian-clang, r-devel-linux-x86_64-debian-gcc, r-devel-linux-x86_64-fedora-clang, r-devel-linux-x86_64-fedora-gcc, r-prerel-macos-arm64, r-prerel-windows-x86_64, r-patched-linux-x86_64, r-release-linux-x86_64, r-release-macos-arm64, r-release-macos-x86_64, r-release-windows-x86_64, r-oldrel-macos-arm64, r-oldrel-windows-x86_64
Version: 0.7.2
Check: installed package size
Result: NOTE
installed size is 5.8Mb
sub-directories of 1Mb or more:
libs 5.0Mb
Flavors: r-prerel-macos-arm64, r-release-macos-arm64, r-release-macos-x86_64, r-oldrel-macos-arm64