Last updated on 2024-03-28 19:48:46 CET.
Flavor | Version | Tinstall | Tcheck | Ttotal | Status | Flags |
---|---|---|---|---|---|---|
r-devel-linux-x86_64-debian-clang | 1.0-5 | 10.12 | 73.83 | 83.95 | NOTE | |
r-devel-linux-x86_64-debian-gcc | 1.0-5 | 7.88 | 58.44 | 66.32 | NOTE | |
r-devel-linux-x86_64-fedora-clang | 1.0-5 | 105.71 | NOTE | |||
r-devel-linux-x86_64-fedora-gcc | 1.0-5 | 110.29 | NOTE | |||
r-devel-windows-x86_64 | 1.0-5 | 11.00 | 81.00 | 92.00 | NOTE | |
r-patched-linux-x86_64 | 1.0-5 | 10.87 | 73.72 | 84.59 | NOTE | |
r-release-linux-x86_64 | 1.0-5 | 9.12 | 78.44 | 87.56 | NOTE | |
r-release-macos-arm64 | 1.0-5 | 38.00 | NOTE | |||
r-release-macos-x86_64 | 1.0-5 | 60.00 | NOTE | |||
r-release-windows-x86_64 | 1.0-5 | 13.00 | 90.00 | 103.00 | NOTE | |
r-oldrel-macos-arm64 | 1.0-5 | 37.00 | OK | |||
r-oldrel-windows-x86_64 | 1.0-5 | 13.00 | 93.00 | 106.00 | OK |
Version: 1.0-5
Check: Rd files
Result: NOTE
checkRd: (-1) slp-package.Rd:38: Escaped LaTeX specials: \&
Flavors: r-devel-linux-x86_64-debian-clang, r-devel-linux-x86_64-debian-gcc, r-devel-linux-x86_64-fedora-clang, r-devel-linux-x86_64-fedora-gcc, r-devel-windows-x86_64, r-patched-linux-x86_64, r-release-linux-x86_64, r-release-macos-arm64, r-release-macos-x86_64, r-release-windows-x86_64
Version: 1.0-5
Check: compiled code
Result: NOTE
File ‘slp/libs/slp.so’:
Found no calls to: ‘R_registerRoutines’, ‘R_useDynamicSymbols’
It is good practice to register native routines and to disable symbol
search.
See ‘Writing portable packages’ in the ‘Writing R Extensions’ manual.
Flavors: r-devel-linux-x86_64-fedora-clang, r-devel-linux-x86_64-fedora-gcc