Last updated on 2024-04-18 20:56:06 CEST.
Flavor | Version | Tinstall | Tcheck | Ttotal | Status | Flags |
---|---|---|---|---|---|---|
r-devel-linux-x86_64-debian-clang | 2.0.0 | 4.69 | 42.53 | 47.22 | NOTE | |
r-devel-linux-x86_64-debian-gcc | 2.0.0 | 3.48 | 32.32 | 35.80 | NOTE | |
r-devel-linux-x86_64-fedora-clang | 2.0.0 | 62.76 | NOTE | |||
r-devel-linux-x86_64-fedora-gcc | 2.0.0 | 55.81 | NOTE | |||
r-prerel-macos-arm64 | 2.0.0 | 26.00 | NOTE | |||
r-prerel-windows-x86_64 | 2.0.0 | 4.00 | 55.00 | 59.00 | OK | |
r-patched-linux-x86_64 | 2.0.0 | 3.76 | 41.85 | 45.61 | NOTE | |
r-release-linux-x86_64 | 2.0.0 | 4.62 | 38.59 | 43.21 | NOTE | |
r-release-macos-arm64 | 2.0.0 | 30.00 | OK | |||
r-release-macos-x86_64 | 2.0.0 | 33.00 | OK | |||
r-release-windows-x86_64 | 2.0.0 | 5.00 | 58.00 | 63.00 | OK | |
r-oldrel-macos-arm64 | 2.0.0 | 27.00 | OK | |||
r-oldrel-windows-x86_64 | 2.0.0 | 6.00 | 64.00 | 70.00 | OK |
Version: 2.0.0
Check: package dependencies
Result: NOTE
Package suggested but not available for checking: ‘captioner’
Flavors: r-devel-linux-x86_64-debian-clang, r-devel-linux-x86_64-debian-gcc, r-devel-linux-x86_64-fedora-clang, r-devel-linux-x86_64-fedora-gcc, r-prerel-macos-arm64, r-patched-linux-x86_64, r-release-linux-x86_64