Last updated on 2024-03-28 07:53:03 CET.
Flavor | Version | Tinstall | Tcheck | Ttotal | Status | Flags |
---|---|---|---|---|---|---|
r-devel-linux-x86_64-debian-clang | 0.9.1 | 18.12 | 377.46 | 395.58 | OK | |
r-devel-linux-x86_64-debian-gcc | 0.9.1 | 14.04 | 276.12 | 290.16 | OK | |
r-devel-linux-x86_64-fedora-clang | 0.9.1 | 478.77 | NOTE | |||
r-devel-linux-x86_64-fedora-gcc | 0.9.1 | 507.55 | OK | |||
r-devel-windows-x86_64 | 0.9.1 | 35.00 | 537.00 | 572.00 | OK | |
r-patched-linux-x86_64 | 0.9.1 | 17.14 | 363.56 | 380.70 | OK | |
r-release-linux-x86_64 | 0.9.1 | 11.54 | 371.72 | 383.26 | OK | |
r-release-macos-arm64 | 0.9.1 | 146.00 | OK | |||
r-release-macos-x86_64 | 0.9.1 | 306.00 | OK | |||
r-release-windows-x86_64 | 0.9.1 | 41.00 | 466.00 | 507.00 | OK | |
r-oldrel-macos-arm64 | 0.9.1 | 146.00 | OK | |||
r-oldrel-windows-x86_64 | 0.9.1 | 42.00 | 492.00 | 534.00 | OK |
Version: 0.9.1
Check: installed package size
Result: NOTE
installed size is 5.0Mb
sub-directories of 1Mb or more:
doc 3.7Mb
Flavor: r-devel-linux-x86_64-fedora-clang