Last updated on 2023-05-29 08:55:11 CEST.
Flavor | Version | Tinstall | Tcheck | Ttotal | Status | Flags |
---|---|---|---|---|---|---|
r-devel-linux-x86_64-debian-clang | 1.0.0 | 70.12 | 57.42 | 127.54 | NOTE | |
r-devel-linux-x86_64-debian-gcc | 1.0.0 | 57.15 | 45.35 | 102.50 | NOTE | |
r-devel-linux-x86_64-fedora-clang | 1.0.0 | 203.09 | NOTE | |||
r-devel-linux-x86_64-fedora-gcc | 1.0.0 | 194.63 | NOTE | |||
r-devel-windows-x86_64 | 1.0.0 | 62.00 | 80.00 | 142.00 | OK | |
r-patched-linux-x86_64 | 1.0.0 | 51.68 | 59.02 | 110.70 | NOTE | |
r-release-linux-x86_64 | 1.0.0 | 51.08 | 58.28 | 109.36 | NOTE | |
r-release-macos-arm64 | 1.0.0 | 50.00 | NOTE | |||
r-release-macos-x86_64 | 1.0.0 | 78.00 | NOTE | |||
r-release-windows-x86_64 | 1.0.0 | 81.00 | 96.00 | 177.00 | OK | |
r-oldrel-macos-arm64 | 1.0.0 | 47.00 | NOTE | |||
r-oldrel-macos-x86_64 | 1.0.0 | 77.00 | NOTE | |||
r-oldrel-windows-x86_64 | 1.0.0 | 73.00 | 94.00 | 167.00 | OK |
Version: 1.0.0
Check: C++ specification
Result: NOTE
Specified C++11: please drop specification unless essential
Flavors: r-devel-linux-x86_64-debian-clang, r-devel-linux-x86_64-debian-gcc, r-devel-linux-x86_64-fedora-clang, r-devel-linux-x86_64-fedora-gcc, r-patched-linux-x86_64, r-release-linux-x86_64, r-release-macos-arm64, r-release-macos-x86_64
Version: 1.0.0
Check: dependencies in R code
Result: NOTE
Namespace in Imports field not imported from: ‘RcppArmadillo’
All declared Imports should be used.
Flavors: r-devel-linux-x86_64-fedora-clang, r-devel-linux-x86_64-fedora-gcc, r-oldrel-macos-arm64, r-oldrel-macos-x86_64