Last updated on 2023-12-02 07:50:36 CET.
Flavor | Version | Tinstall | Tcheck | Ttotal | Status | Flags |
---|---|---|---|---|---|---|
r-devel-linux-x86_64-debian-clang | 1.1.19 | 6.26 | 66.52 | 72.78 | NOTE | |
r-devel-linux-x86_64-debian-gcc | 1.1.19 | 5.71 | 51.02 | 56.73 | NOTE | |
r-devel-linux-x86_64-fedora-clang | 1.1.19 | 91.66 | NOTE | |||
r-devel-linux-x86_64-fedora-gcc | 1.1.19 | 98.68 | NOTE | |||
r-devel-windows-x86_64 | 1.1.19 | 11.00 | 86.00 | 97.00 | NOTE | |
r-patched-linux-x86_64 | 1.1.19 | 7.05 | 64.68 | 71.73 | OK | |
r-release-linux-x86_64 | 1.1.19 | 6.22 | 64.28 | 70.50 | OK | |
r-release-macos-arm64 | 1.1.19 | 53.00 | OK | |||
r-release-macos-x86_64 | 1.1.19 | 85.00 | OK | |||
r-release-windows-x86_64 | 1.1.19 | 13.00 | 91.00 | 104.00 | OK | |
r-oldrel-macos-arm64 | 1.1.19 | 31.00 | OK | |||
r-oldrel-macos-x86_64 | 1.1.19 | 37.00 | OK | |||
r-oldrel-windows-x86_64 | 1.1.19 | 12.00 | 85.00 | 97.00 | OK |
Version: 1.1.19
Check: Rd \usage sections
Result: NOTE
Documented arguments not in \usage in Rd file 'to_shiny_tag.Rd':
‘x’
Functions with \usage entries need to have the appropriate \alias
entries, and all their arguments documented.
The \usage entries must correspond to syntactically valid R code.
See chapter ‘Writing R documentation files’ in the ‘Writing R
Extensions’ manual.
Flavors: r-devel-linux-x86_64-debian-clang, r-devel-linux-x86_64-debian-gcc, r-devel-linux-x86_64-fedora-clang, r-devel-linux-x86_64-fedora-gcc, r-devel-windows-x86_64