Last updated on 2023-06-10 19:57:00 CEST.
Flavor | Version | Tinstall | Tcheck | Ttotal | Status | Flags |
---|---|---|---|---|---|---|
r-devel-linux-x86_64-debian-clang | 2.8.14 | 28.12 | 529.02 | 557.14 | OK | |
r-devel-linux-x86_64-debian-gcc | 2.8.14 | 22.38 | 392.59 | 414.97 | OK | |
r-devel-linux-x86_64-fedora-clang | 2.8.14 | 712.05 | OK | |||
r-devel-linux-x86_64-fedora-gcc | 2.8.14 | 657.96 | OK | |||
r-devel-windows-x86_64 | 2.8.14 | 23.00 | 387.00 | 410.00 | OK | |
r-patched-linux-x86_64 | 2.8.14 | 24.42 | 485.32 | 509.74 | OK | |
r-release-linux-x86_64 | 2.8.14 | 21.89 | 490.55 | 512.44 | OK | |
r-release-macos-arm64 | 2.8.14 | 211.00 | OK | |||
r-release-macos-x86_64 | 2.8.14 | 268.00 | NOTE | |||
r-release-windows-x86_64 | 2.8.14 | 32.00 | 504.00 | 536.00 | OK | |
r-oldrel-macos-arm64 | 2.8.14 | 199.00 | OK | |||
r-oldrel-macos-x86_64 | 2.8.14 | 231.00 | OK | |||
r-oldrel-windows-x86_64 | 2.8.14 | 32.00 | 493.00 | 525.00 | OK |
Version: 2.8.14
Check: package dependencies
Result: NOTE
Packages suggested but not available for checking:
'brms', 'car', 'rstanarm'
Flavor: r-release-macos-x86_64