Last updated on 2024-04-18 20:56:06 CEST.
Flavor | Version | Tinstall | Tcheck | Ttotal | Status | Flags |
---|---|---|---|---|---|---|
r-devel-linux-x86_64-debian-clang | 1.4.2-1 | 235.29 | 425.53 | 660.82 | OK | |
r-devel-linux-x86_64-debian-gcc | 1.4.2-1 | 167.26 | 284.75 | 452.01 | OK | |
r-devel-linux-x86_64-fedora-clang | 1.4.2-1 | 867.13 | OK | |||
r-devel-linux-x86_64-fedora-gcc | 1.4.2-1 | 805.11 | OK | |||
r-prerel-macos-arm64 | 1.4.2-1 | 178.00 | NOTE | |||
r-prerel-windows-x86_64 | 1.4.2-1 | 177.00 | 311.00 | 488.00 | OK | |
r-patched-linux-x86_64 | 1.4.2-1 | 211.59 | 396.55 | 608.14 | OK | |
r-release-linux-x86_64 | 1.4.2-1 | 144.88 | 383.10 | 527.98 | OK | |
r-release-macos-arm64 | 1.4.2-1 | 228.00 | NOTE | |||
r-release-macos-x86_64 | 1.4.2-1 | 365.00 | NOTE | |||
r-release-windows-x86_64 | 1.4.2-1 | 216.00 | 428.00 | 644.00 | OK | |
r-oldrel-macos-arm64 | 1.4.2-1 | 221.00 | NOTE | |||
r-oldrel-windows-x86_64 | 1.4.2-1 | 217.00 | 354.00 | 571.00 | OK |
Version: 1.4.2-1
Check: installed package size
Result: NOTE
installed size is 9.4Mb
sub-directories of 1Mb or more:
R 2.1Mb
extdata 1.6Mb
libs 5.0Mb
Flavors: r-prerel-macos-arm64, r-release-macos-arm64, r-release-macos-x86_64, r-oldrel-macos-arm64