Last updated on 2023-06-05 20:57:52 CEST.
Flavor | Version | Tinstall | Tcheck | Ttotal | Status | Flags |
---|---|---|---|---|---|---|
r-devel-linux-x86_64-debian-clang | 1.4.0 | 199.52 | 182.68 | 382.20 | OK | |
r-devel-linux-x86_64-debian-gcc | 1.4.0 | 139.17 | 135.99 | 275.16 | OK | |
r-devel-linux-x86_64-fedora-clang | 1.4.0 | 535.92 | OK | |||
r-devel-linux-x86_64-fedora-gcc | 1.4.0 | 498.06 | OK | |||
r-devel-windows-x86_64 | 1.4.0 | 143.00 | 177.00 | 320.00 | OK | |
r-patched-linux-x86_64 | 1.4.0 | 147.90 | 171.17 | 319.07 | OK | |
r-release-linux-x86_64 | 1.4.0 | 113.75 | 173.06 | 286.81 | OK | |
r-release-macos-arm64 | 1.4.0 | 120.00 | NOTE | |||
r-release-macos-x86_64 | 1.3.0 | 184.00 | NOTE | |||
r-release-windows-x86_64 | 1.4.0 | 187.00 | 226.00 | 413.00 | OK | |
r-oldrel-macos-arm64 | 1.4.0 | 105.00 | NOTE | |||
r-oldrel-macos-x86_64 | 1.4.0 | 135.00 | NOTE | |||
r-oldrel-windows-x86_64 | 1.4.0 | 176.00 | 185.00 | 361.00 | OK |
Version: 1.4.0
Check: installed package size
Result: NOTE
installed size is 7.5Mb
sub-directories of 1Mb or more:
R 1.0Mb
libs 4.9Mb
Flavors: r-release-macos-arm64, r-oldrel-macos-arm64, r-oldrel-macos-x86_64
Version: 1.3.0
Check: installed package size
Result: NOTE
installed size is 7.1Mb
sub-directories of 1Mb or more:
libs 4.6Mb
Flavor: r-release-macos-x86_64