Last updated on 2023-09-29 08:54:12 CEST.
Flavor | Version | Tinstall | Tcheck | Ttotal | Status | Flags |
---|---|---|---|---|---|---|
r-devel-linux-x86_64-debian-clang | 0.3.3 | 110.33 | 137.80 | 248.13 | NOTE | |
r-devel-linux-x86_64-debian-gcc | 0.3.3 | 81.24 | 100.28 | 181.52 | NOTE | |
r-devel-linux-x86_64-fedora-clang | 0.3.3 | 369.50 | NOTE | |||
r-devel-linux-x86_64-fedora-gcc | 0.3.3 | 342.30 | NOTE | |||
r-devel-windows-x86_64 | 0.3.3 | 90.00 | 125.00 | 215.00 | NOTE | |
r-patched-linux-x86_64 | 0.3.3 | 123.65 | 129.08 | 252.73 | NOTE | |
r-release-linux-x86_64 | 0.3.3 | 114.42 | 129.71 | 244.13 | NOTE | |
r-release-macos-arm64 | 0.3.3 | 99.00 | NOTE | |||
r-release-macos-x86_64 | 0.3.3 | 149.00 | NOTE | |||
r-release-windows-x86_64 | 0.3.3 | 119.00 | 158.00 | 277.00 | NOTE | |
r-oldrel-macos-arm64 | 0.3.3 | 82.00 | NOTE | |||
r-oldrel-macos-x86_64 | 0.3.3 | 106.00 | NOTE | |||
r-oldrel-windows-x86_64 | 0.3.3 | 108.00 | 155.00 | 263.00 | OK |
Version: 0.3.3
Check: C++ specification
Result: NOTE
Specified C++11: please drop specification unless essential
Flavors: r-devel-linux-x86_64-debian-clang, r-devel-linux-x86_64-debian-gcc, r-devel-linux-x86_64-fedora-clang, r-devel-linux-x86_64-fedora-gcc, r-devel-windows-x86_64, r-patched-linux-x86_64, r-release-linux-x86_64, r-release-macos-arm64, r-release-macos-x86_64, r-release-windows-x86_64
Version: 0.3.3
Check: installed package size
Result: NOTE
installed size is 7.8Mb
sub-directories of 1Mb or more:
libs 7.5Mb
Flavors: r-release-macos-arm64, r-release-macos-x86_64, r-oldrel-macos-arm64, r-oldrel-macos-x86_64