Last updated on 2024-04-18 20:56:06 CEST.
Flavor | Version | Tinstall | Tcheck | Ttotal | Status | Flags |
---|---|---|---|---|---|---|
r-devel-linux-x86_64-debian-clang | 4.1-15 | 389.15 | 424.62 | 813.77 | OK | |
r-devel-linux-x86_64-debian-gcc | 4.1-15 | 292.97 | 294.85 | 587.82 | OK | |
r-devel-linux-x86_64-fedora-clang | 4.1-15 | 1135.94 | NOTE | |||
r-devel-linux-x86_64-fedora-gcc | 4.1-15 | 1047.55 | OK | |||
r-prerel-macos-arm64 | 4.1-15 | 186.00 | NOTE | |||
r-prerel-macos-x86_64 | 4.1-15 | 422.00 | NOTE | |||
r-prerel-windows-x86_64 | 4.1-15 | 284.00 | 346.00 | 630.00 | NOTE | |
r-patched-linux-x86_64 | 4.1-15 | 375.38 | 394.65 | 770.03 | OK | |
r-release-linux-x86_64 | 4.1-15 | 361.02 | 377.05 | 738.07 | OK | |
r-release-macos-arm64 | 4.1-15 | 201.00 | NOTE | |||
r-release-macos-x86_64 | 4.1-15 | 400.00 | NOTE | |||
r-release-windows-x86_64 | 4.1-15 | 363.00 | 467.00 | 830.00 | NOTE | |
r-oldrel-macos-arm64 | 4.1-15 | 201.00 | NOTE | |||
r-oldrel-windows-x86_64 | 4.1-15 | 353.00 | 400.00 | 753.00 | NOTE |
Version: 4.1-15
Check: installed package size
Result: NOTE
installed size is 5.2Mb
sub-directories of 1Mb or more:
R 2.2Mb
Flavors: r-devel-linux-x86_64-fedora-clang, r-prerel-macos-arm64, r-prerel-macos-x86_64, r-prerel-windows-x86_64, r-release-macos-arm64, r-release-macos-x86_64, r-release-windows-x86_64, r-oldrel-macos-arm64, r-oldrel-windows-x86_64