Last updated on 2023-09-24 08:58:30 CEST.
Flavor | Version | Tinstall | Tcheck | Ttotal | Status | Flags |
---|---|---|---|---|---|---|
r-devel-linux-x86_64-debian-clang | 0.5-16 | 21.00 | 152.74 | 173.74 | OK | |
r-devel-linux-x86_64-debian-gcc | 0.5-16 | 17.46 | 109.82 | 127.28 | OK | |
r-devel-linux-x86_64-fedora-clang | 0.5-16 | 211.95 | OK | |||
r-devel-linux-x86_64-fedora-gcc | 0.5-16 | 207.40 | OK | |||
r-devel-windows-x86_64 | 0.5-16 | 20.00 | 131.00 | 151.00 | OK | |
r-patched-linux-x86_64 | 0.5-16 | 24.71 | 140.73 | 165.44 | OK | |
r-release-linux-x86_64 | 0.5-16 | 15.75 | 148.48 | 164.23 | OK | |
r-release-macos-arm64 | 0.5-16 | 56.00 | OK | |||
r-release-macos-x86_64 | 0.5-16 | 98.00 | NOTE | |||
r-release-windows-x86_64 | 0.5-16 | 20.00 | 159.00 | 179.00 | OK | |
r-oldrel-macos-arm64 | 0.5-16 | 54.00 | OK | |||
r-oldrel-macos-x86_64 | 0.5-16 | 66.00 | OK | |||
r-oldrel-windows-x86_64 | 0.5-16 | 35.00 | 163.00 | 198.00 | OK |
Version: 0.5-16
Check: package dependencies
Result: NOTE
Packages suggested but not available for checking:
'quantreg', 'semTools', 'OpenMx', 'copula'
Flavor: r-release-macos-x86_64
Version: 0.5-16
Check: Rd cross-references
Result: NOTE
Package unavailable to check Rd xrefs: ‘copula’
Flavor: r-release-macos-x86_64