Last updated on 2023-06-04 08:57:22 CEST.
Flavor | Version | Tinstall | Tcheck | Ttotal | Status | Flags |
---|---|---|---|---|---|---|
r-devel-linux-x86_64-debian-clang | 0.9.0.2 | 98.03 | 131.79 | 229.82 | NOTE | |
r-devel-linux-x86_64-debian-gcc | 0.9.0.2 | 76.99 | 96.62 | 173.61 | NOTE | |
r-devel-linux-x86_64-fedora-clang | 0.9.0.2 | 303.94 | NOTE | |||
r-devel-linux-x86_64-fedora-gcc | 0.9.0.2 | 297.38 | NOTE | |||
r-devel-windows-x86_64 | 0.9.0.2 | 78.00 | 141.00 | 219.00 | NOTE | |
r-patched-linux-x86_64 | 0.9.0.2 | 83.86 | 120.43 | 204.29 | NOTE | |
r-release-linux-x86_64 | 0.9.0.2 | 79.36 | 120.26 | 199.62 | NOTE | |
r-release-macos-arm64 | 0.9.0.2 | 75.00 | NOTE | |||
r-release-macos-x86_64 | 0.9.0.2 | 128.00 | NOTE | |||
r-release-windows-x86_64 | 0.9.0.2 | 103.00 | 171.00 | 274.00 | NOTE | |
r-oldrel-macos-arm64 | 0.9.0.2 | 67.00 | NOTE | |||
r-oldrel-macos-x86_64 | 0.9.0.2 | 93.00 | NOTE | |||
r-oldrel-windows-x86_64 | 0.9.0.2 | 99.00 | 151.00 | 250.00 | OK |
Version: 0.9.0.2
Check: C++ specification
Result: NOTE
Specified C++11: please drop specification unless essential
Flavors: r-devel-linux-x86_64-debian-clang, r-devel-linux-x86_64-debian-gcc, r-devel-linux-x86_64-fedora-clang, r-devel-linux-x86_64-fedora-gcc, r-devel-windows-x86_64, r-patched-linux-x86_64, r-release-linux-x86_64, r-release-macos-arm64, r-release-macos-x86_64, r-release-windows-x86_64
Version: 0.9.0.2
Check: installed package size
Result: NOTE
installed size is 5.7Mb
sub-directories of 1Mb or more:
libs 4.9Mb
Flavors: r-release-macos-arm64, r-release-macos-x86_64, r-oldrel-macos-arm64, r-oldrel-macos-x86_64