CRAN Package Check Results for Package sigora

Last updated on 2023-09-28 19:59:53 CEST.

Flavor Version Tinstall Tcheck Ttotal Status Flags
r-devel-linux-x86_64-debian-clang 3.1.1 2.96 55.65 58.61 NOTE
r-devel-linux-x86_64-debian-gcc 3.1.1 2.24 40.95 43.19 NOTE
r-devel-linux-x86_64-fedora-clang 3.1.1 70.64 NOTE
r-devel-linux-x86_64-fedora-gcc 3.1.1 105.15 NOTE
r-devel-windows-x86_64 3.1.1 4.00 73.00 77.00 NOTE
r-patched-linux-x86_64 3.1.1 3.25 51.69 54.94 NOTE
r-release-linux-x86_64 3.1.1 3.13 50.87 54.00 NOTE
r-release-macos-arm64 3.1.1 42.00 NOTE
r-release-macos-x86_64 3.1.1 66.00 NOTE
r-release-windows-x86_64 3.1.1 4.00 77.00 81.00 NOTE
r-oldrel-macos-arm64 3.1.1 38.00 OK
r-oldrel-macos-x86_64 3.1.1 48.00 OK
r-oldrel-windows-x86_64 3.1.1 7.00 78.00 85.00 OK

Check Details

Version: 3.1.1
Check: package subdirectories
Result: NOTE
    Problems with news in ‘NEWS.md’:
    No news entries found.
Flavors: r-devel-linux-x86_64-debian-clang, r-devel-linux-x86_64-debian-gcc, r-devel-linux-x86_64-fedora-clang, r-devel-linux-x86_64-fedora-gcc, r-devel-windows-x86_64, r-patched-linux-x86_64, r-release-linux-x86_64, r-release-macos-arm64, r-release-macos-x86_64, r-release-windows-x86_64