CRAN Package Check Results for Package signs

Last updated on 2023-09-28 08:59:02 CEST.

Flavor Version Tinstall Tcheck Ttotal Status Flags
r-devel-linux-x86_64-debian-clang 0.1.2 3.30 46.41 49.71 NOTE
r-devel-linux-x86_64-debian-gcc 0.1.2 2.34 36.80 39.14 NOTE
r-devel-linux-x86_64-fedora-clang 0.1.2 61.42 NOTE
r-devel-linux-x86_64-fedora-gcc 0.1.2 71.98 NOTE
r-devel-windows-x86_64 0.1.2 5.00 57.00 62.00 NOTE
r-patched-linux-x86_64 0.1.2 3.39 45.78 49.17 NOTE
r-release-linux-x86_64 0.1.2 3.49 45.99 49.48 NOTE
r-release-macos-arm64 0.1.2 30.00 NOTE
r-release-macos-x86_64 0.1.2 44.00 NOTE
r-release-windows-x86_64 0.1.2 5.00 64.00 69.00 NOTE
r-oldrel-macos-arm64 0.1.2 27.00 NOTE
r-oldrel-macos-x86_64 0.1.2 34.00 NOTE
r-oldrel-windows-x86_64 0.1.2 5.00 65.00 70.00 NOTE

Check Details

Version: 0.1.2
Check: LazyData
Result: NOTE
     'LazyData' is specified without a 'data' directory
Flavors: r-devel-linux-x86_64-debian-clang, r-devel-linux-x86_64-debian-gcc, r-devel-linux-x86_64-fedora-clang, r-devel-linux-x86_64-fedora-gcc, r-devel-windows-x86_64, r-patched-linux-x86_64, r-release-linux-x86_64, r-release-macos-arm64, r-release-macos-x86_64, r-release-windows-x86_64, r-oldrel-macos-arm64, r-oldrel-macos-x86_64, r-oldrel-windows-x86_64