Last updated on 2024-04-23 19:50:59 CEST.
Flavor | Version | Tinstall | Tcheck | Ttotal | Status | Flags |
---|---|---|---|---|---|---|
r-devel-linux-x86_64-debian-clang | 0.2.0 | 90.51 | 45.66 | 136.17 | NOTE | |
r-devel-linux-x86_64-debian-gcc | 0.2.0 | 77.10 | 33.85 | 110.95 | NOTE | |
r-devel-linux-x86_64-fedora-clang | 0.2.0 | 194.18 | NOTE | |||
r-devel-linux-x86_64-fedora-gcc | 0.2.0 | 199.27 | NOTE | |||
r-prerel-macos-arm64 | 0.2.0 | 39.00 | NOTE | |||
r-prerel-windows-x86_64 | 0.2.0 | 70.00 | 77.00 | 147.00 | NOTE | |
r-patched-linux-x86_64 | 0.2.0 | 91.96 | 42.59 | 134.55 | NOTE | |
r-release-linux-x86_64 | 0.2.0 | 95.91 | 42.27 | 138.18 | NOTE | |
r-release-macos-arm64 | 0.2.0 | 51.00 | NOTE | |||
r-release-macos-x86_64 | 0.2.0 | 80.00 | NOTE | |||
r-release-windows-x86_64 | 0.2.0 | 88.00 | 84.00 | 172.00 | NOTE | |
r-oldrel-macos-arm64 | 0.2.0 | 63.00 | NOTE | |||
r-oldrel-windows-x86_64 | 0.2.0 | 85.00 | 81.00 | 166.00 | OK |
Version: 0.2.0
Check: C++ specification
Result: NOTE
Specified C++11: please drop specification unless essential
Flavors: r-devel-linux-x86_64-debian-clang, r-devel-linux-x86_64-debian-gcc, r-devel-linux-x86_64-fedora-clang, r-devel-linux-x86_64-fedora-gcc, r-prerel-macos-arm64, r-prerel-windows-x86_64, r-patched-linux-x86_64, r-release-linux-x86_64, r-release-macos-arm64, r-release-macos-x86_64, r-release-windows-x86_64
Version: 0.2.0
Check: installed package size
Result: NOTE
installed size is 5.1Mb
sub-directories of 1Mb or more:
libs 4.9Mb
Flavors: r-prerel-macos-arm64, r-release-macos-arm64, r-release-macos-x86_64, r-oldrel-macos-arm64