Last updated on 2024-04-24 07:57:54 CEST.
Flavor | Version | Tinstall | Tcheck | Ttotal | Status | Flags |
---|---|---|---|---|---|---|
r-devel-linux-x86_64-debian-clang | 1.2 | 7.11 | 60.96 | 68.07 | NOTE | |
r-devel-linux-x86_64-debian-gcc | 1.2 | 6.51 | 44.85 | 51.36 | NOTE | |
r-devel-linux-x86_64-fedora-clang | 1.2 | 86.24 | NOTE | |||
r-devel-linux-x86_64-fedora-gcc | 1.2 | 80.40 | NOTE | |||
r-prerel-macos-arm64 | 1.2 | 28.00 | NOTE | |||
r-prerel-windows-x86_64 | 1.2 | 11.00 | 62.00 | 73.00 | NOTE | |
r-patched-linux-x86_64 | 1.2 | 7.20 | 55.68 | 62.88 | NOTE | |
r-release-linux-x86_64 | 1.2 | 4.89 | 58.45 | 63.34 | OK | |
r-release-macos-arm64 | 1.2 | 23.00 | OK | |||
r-release-macos-x86_64 | 1.2 | 42.00 | OK | |||
r-release-windows-x86_64 | 1.2 | 10.00 | 67.00 | 77.00 | OK | |
r-oldrel-macos-arm64 | 1.2 | 27.00 | OK | |||
r-oldrel-windows-x86_64 | 1.2 | 10.00 | 72.00 | 82.00 | OK |
Version: 1.2
Check: Rd files
Result: NOTE
checkRd: (-1) shiny_pivot_table.Rd:58: Lost braces in \itemize; meant \describe ?
checkRd: (-1) shiny_pivot_table.Rd:59: Lost braces in \itemize; meant \describe ?
checkRd: (-1) shiny_pivot_table.Rd:60: Lost braces in \itemize; meant \describe ?
checkRd: (-1) shiny_pivot_table.Rd:61: Lost braces in \itemize; meant \describe ?
checkRd: (-1) shiny_pivot_table.Rd:62: Lost braces in \itemize; meant \describe ?
checkRd: (-1) shiny_pivot_table.Rd:63: Lost braces in \itemize; meant \describe ?
checkRd: (-1) shiny_pivot_table.Rd:64: Lost braces in \itemize; meant \describe ?
Flavors: r-devel-linux-x86_64-debian-clang, r-devel-linux-x86_64-debian-gcc, r-devel-linux-x86_64-fedora-clang, r-devel-linux-x86_64-fedora-gcc, r-prerel-macos-arm64, r-prerel-windows-x86_64, r-patched-linux-x86_64