Last updated on 2025-01-19 07:50:12 CET.
Flavor | Version | Tinstall | Tcheck | Ttotal | Status | Flags |
---|---|---|---|---|---|---|
r-devel-linux-x86_64-debian-clang | 0.7.2 | 4.06 | 31.98 | 36.04 | NOTE | |
r-devel-linux-x86_64-debian-gcc | 0.7.2 | 2.68 | 23.95 | 26.63 | NOTE | |
r-devel-linux-x86_64-fedora-clang | 0.7.2 | 58.49 | OK | |||
r-devel-linux-x86_64-fedora-gcc | 0.7.2 | 55.68 | OK | |||
r-devel-windows-x86_64 | 0.7.2 | 7.00 | 57.00 | 64.00 | NOTE | |
r-patched-linux-x86_64 | 0.7.2 | 7.13 | 30.67 | 37.80 | OK | |
r-release-linux-x86_64 | 0.7.2 | 4.06 | 30.33 | 34.39 | OK | |
r-release-macos-arm64 | 0.7.2 | 21.00 | OK | |||
r-release-macos-x86_64 | 0.7.2 | 30.00 | OK | |||
r-release-windows-x86_64 | 0.7.2 | 8.00 | 56.00 | 64.00 | OK | |
r-oldrel-macos-arm64 | 0.7.2 | 21.00 | OK | |||
r-oldrel-macos-x86_64 | 0.7.2 | 31.00 | OK | |||
r-oldrel-windows-x86_64 | 0.7.2 | 9.00 | 62.00 | 71.00 | OK |
Version: 0.7.2
Check: Rd cross-references
Result: NOTE
Found the following Rd file(s) with Rd \link{} targets missing package
anchors:
renderDropdownMenu.Rd: HTML
renderMenu.Rd: HTML, uiOutput
renderValueBox.Rd: HTML
tabBox.Rd: tabPanel
Please provide package anchors for all Rd \link{} targets not in the
package itself and the base packages.
Flavors: r-devel-linux-x86_64-debian-clang, r-devel-linux-x86_64-debian-gcc, r-devel-windows-x86_64