Last updated on 2024-04-25 08:00:07 CEST.
Flavor | Version | Tinstall | Tcheck | Ttotal | Status | Flags |
---|---|---|---|---|---|---|
r-devel-linux-x86_64-debian-clang | 1.0.1 | 2.28 | 27.23 | 29.51 | NOTE | |
r-devel-linux-x86_64-debian-gcc | 1.0.1 | 1.82 | 21.26 | 23.08 | NOTE | |
r-devel-linux-x86_64-fedora-clang | 1.0.1 | 39.06 | NOTE | |||
r-devel-linux-x86_64-fedora-gcc | 1.0.1 | 48.81 | NOTE | |||
r-devel-windows-x86_64 | 1.0.1 | 4.00 | 43.00 | 47.00 | NOTE | |
r-patched-linux-x86_64 | 1.0.1 | 2.44 | 25.74 | 28.18 | NOTE | |
r-release-linux-x86_64 | 1.0.1 | 1.74 | 25.40 | 27.14 | NOTE | |
r-release-macos-arm64 | 1.0.1 | 24.00 | NOTE | |||
r-release-windows-x86_64 | 1.0.1 | 3.00 | 44.00 | 47.00 | NOTE | |
r-oldrel-macos-arm64 | 1.0.1 | 30.00 | NOTE | |||
r-oldrel-macos-x86_64 | 1.0.1 | 33.00 | NOTE | |||
r-oldrel-windows-x86_64 | 1.0.1 | 4.00 | 44.00 | 48.00 | NOTE |
Version: 1.0.1
Check: LazyData
Result: NOTE
'LazyData' is specified without a 'data' directory
Flavors: r-devel-linux-x86_64-debian-clang, r-devel-linux-x86_64-debian-gcc, r-devel-linux-x86_64-fedora-clang, r-devel-linux-x86_64-fedora-gcc, r-devel-windows-x86_64, r-patched-linux-x86_64, r-release-linux-x86_64, r-release-macos-arm64, r-release-windows-x86_64, r-oldrel-macos-arm64, r-oldrel-macos-x86_64, r-oldrel-windows-x86_64
Version: 1.0.1
Check: dependencies in R code
Result: NOTE
Namespace in Imports field not imported from: ‘shiny’
All declared Imports should be used.
Flavors: r-devel-linux-x86_64-fedora-clang, r-devel-linux-x86_64-fedora-gcc