Last updated on 2023-12-07 06:51:58 CET.
Flavor | Version | Tinstall | Tcheck | Ttotal | Status | Flags |
---|---|---|---|---|---|---|
r-devel-linux-x86_64-debian-clang | 0.4.3 | 6.12 | 71.81 | 77.93 | NOTE | |
r-devel-linux-x86_64-debian-gcc | 0.4.3 | 6.86 | 55.52 | 62.38 | NOTE | |
r-devel-linux-x86_64-fedora-clang | 0.4.3 | 99.99 | NOTE | |||
r-devel-linux-x86_64-fedora-gcc | 0.4.3 | 115.38 | OK | |||
r-devel-windows-x86_64 | 0.4.3 | 10.00 | 94.00 | 104.00 | NOTE | |
r-patched-linux-x86_64 | 0.4.3 | 6.84 | 70.20 | 77.04 | OK | |
r-release-linux-x86_64 | 0.4.3 | 9.23 | 68.26 | 77.49 | OK | |
r-release-macos-arm64 | 0.4.3 | 40.00 | NOTE | |||
r-release-macos-x86_64 | 0.4.3 | 66.00 | NOTE | |||
r-release-windows-x86_64 | 0.4.3 | 13.00 | 105.00 | 118.00 | NOTE | |
r-oldrel-macos-arm64 | 0.4.3 | 29.00 | NOTE | |||
r-oldrel-macos-x86_64 | 0.4.3 | 54.00 | NOTE | |||
r-oldrel-windows-x86_64 | 0.4.3 | 13.00 | 97.00 | 110.00 | NOTE |
Version: 0.4.3
Check: Rd files
Result: NOTE
checkRd: (-1) checkbox.Rd:54: Lost braces in \itemize; meant \describe ?
checkRd: (-1) checkbox.Rd:55: Lost braces in \itemize; meant \describe ?
checkRd: (-1) checkbox.Rd:56: Lost braces in \itemize; meant \describe ?
checkRd: (-1) multiple_checkbox.Rd:56: Lost braces in \itemize; meant \describe ?
checkRd: (-1) multiple_checkbox.Rd:57: Lost braces in \itemize; meant \describe ?
checkRd: (-1) multiple_checkbox.Rd:58: Lost braces in \itemize; meant \describe ?
checkRd: (-1) search_selection_api.Rd:27-70: Lost braces
27 | if (interactive()) {
| ^
checkRd: (-1) search_selection_api.Rd:33-42: Lost braces
33 | ui <- function() {
| ^
checkRd: (-1) search_selection_api.Rd:44-67: Lost braces
44 | server <- shinyServer(function(input, output, session) {
| ^
checkRd: (-1) search_selection_api.Rd:46-58: Lost braces
46 | search_api <- function(gapminder, q) {
| ^
checkRd: (-1) search_selection_api.Rd:47-49: Lost braces
47 | has_matching <- function(field) {
| ^
checkRd: (-1) text_input.Rd:50: Lost braces in \itemize; meant \describe ?
checkRd: (-1) text_input.Rd:51: Lost braces in \itemize; meant \describe ?
checkRd: (-1) text_input.Rd:52: Lost braces in \itemize; meant \describe ?
checkRd: (-1) text_input.Rd:53: Lost braces in \itemize; meant \describe ?
checkRd: (-1) text_input.Rd:54: Lost braces in \itemize; meant \describe ?
checkRd: (-1) text_input.Rd:55: Lost braces in \itemize; meant \describe ?
Flavors: r-devel-linux-x86_64-debian-clang, r-devel-linux-x86_64-debian-gcc
Version: 0.4.3
Check: installed package size
Result: NOTE
installed size is 11.3Mb
sub-directories of 1Mb or more:
help 2.6Mb
www 8.1Mb
Flavors: r-devel-linux-x86_64-fedora-clang, r-devel-windows-x86_64, r-release-macos-arm64, r-release-macos-x86_64, r-release-windows-x86_64, r-oldrel-macos-arm64, r-oldrel-macos-x86_64, r-oldrel-windows-x86_64