CRAN Package Check Results for Package shiny.info

Last updated on 2024-02-25 19:50:11 CET.

Flavor Version Tinstall Tcheck Ttotal Status Flags
r-devel-linux-x86_64-debian-clang 0.2.0 5.09 41.54 46.63 NOTE
r-devel-linux-x86_64-debian-gcc 0.2.0 3.74 32.05 35.79 NOTE
r-devel-linux-x86_64-fedora-clang 0.2.0 57.13 OK
r-devel-linux-x86_64-fedora-gcc 0.2.0 61.51 OK
r-devel-windows-x86_64 0.2.0 5.00 53.00 58.00 OK
r-patched-linux-x86_64 0.2.0 3.64 41.03 44.67 OK
r-release-linux-x86_64 0.2.0 3.17 40.58 43.75 OK
r-release-macos-arm64 0.2.0 21.00 OK
r-release-macos-x86_64 0.2.0 31.00 OK
r-release-windows-x86_64 0.2.0 8.00 58.00 66.00 OK
r-oldrel-macos-arm64 0.2.0 23.00 OK
r-oldrel-windows-x86_64 0.2.0 13.00 70.00 83.00 OK

Check Details

Version: 0.2.0
Check: Rd files
Result: NOTE checkRd: (-1) display.Rd:17: Lost braces; missing escapes or markup? 17 | div which wraps your message to display it in the {position} corner of your shiny app. | ^ checkRd: (-1) info_value.Rd:15: Lost braces; missing escapes or markup? 15 | div which wraps rendered value to display it in the {position} corner of your shiny app. | ^ Flavors: r-devel-linux-x86_64-debian-clang, r-devel-linux-x86_64-debian-gcc