Last updated on 2023-12-02 07:50:35 CET.
Flavor | Version | Tinstall | Tcheck | Ttotal | Status | Flags |
---|---|---|---|---|---|---|
r-devel-linux-x86_64-debian-clang | 0.1.0 | 8.36 | 76.20 | 84.56 | OK | |
r-devel-linux-x86_64-debian-gcc | 0.1.0 | 6.09 | 58.63 | 64.72 | OK | |
r-devel-linux-x86_64-fedora-clang | 0.1.0 | 105.13 | NOTE | |||
r-devel-linux-x86_64-fedora-gcc | 0.1.0 | 99.84 | NOTE | |||
r-devel-windows-x86_64 | 0.1.0 | 7.00 | 79.00 | 86.00 | OK | |
r-patched-linux-x86_64 | 0.1.0 | 4.61 | 73.33 | 77.94 | OK | |
r-release-linux-x86_64 | 0.1.0 | 6.55 | 73.23 | 79.78 | OK | |
r-release-macos-arm64 | 0.1.0 | 33.00 | OK | |||
r-release-macos-x86_64 | 0.1.0 | 54.00 | OK | |||
r-release-windows-x86_64 | 0.1.0 | 10.00 | 94.00 | 104.00 | OK | |
r-oldrel-macos-arm64 | 0.1.0 | 32.00 | NOTE | |||
r-oldrel-macos-x86_64 | 0.1.0 | 55.00 | NOTE | |||
r-oldrel-windows-x86_64 | 0.1.0 | 11.00 | 97.00 | 108.00 | OK |
Version: 0.1.0
Check: dependencies in R code
Result: NOTE
Namespace in Imports field not imported from: ‘utils’
All declared Imports should be used.
Flavors: r-devel-linux-x86_64-fedora-clang, r-devel-linux-x86_64-fedora-gcc, r-oldrel-macos-arm64, r-oldrel-macos-x86_64