Last updated on 2023-05-31 20:57:21 CEST.
Flavor | Version | Tinstall | Tcheck | Ttotal | Status | Flags |
---|---|---|---|---|---|---|
r-devel-linux-x86_64-debian-clang | 2.1 | 21.19 | 203.27 | 224.46 | NOTE | |
r-devel-linux-x86_64-debian-gcc | 2.1 | 16.54 | 144.15 | 160.69 | NOTE | |
r-devel-linux-x86_64-fedora-clang | 2.1 | 286.11 | NOTE | |||
r-devel-linux-x86_64-fedora-gcc | 2.1 | 264.44 | NOTE | |||
r-devel-windows-x86_64 | 2.1 | 19.00 | 151.00 | 170.00 | NOTE | |
r-patched-linux-x86_64 | 2.1 | NOTE | ||||
r-release-linux-x86_64 | 2.1 | 16.68 | 181.27 | 197.95 | NOTE | |
r-release-macos-arm64 | 2.1 | 78.00 | NOTE | |||
r-release-macos-x86_64 | 2.1 | 117.00 | NOTE | |||
r-release-windows-x86_64 | 2.1 | 24.00 | 197.00 | 221.00 | NOTE | |
r-oldrel-macos-arm64 | 2.1 | 54.00 | NOTE | |||
r-oldrel-macos-x86_64 | 2.1 | 101.00 | NOTE | |||
r-oldrel-windows-x86_64 | 2.1 | 26.00 | 195.00 | 221.00 | NOTE |
Version: 2.1
Check: package dependencies
Result: NOTE
Package suggested but not available for checking: ‘hydromad’
Flavors: r-devel-linux-x86_64-debian-clang, r-devel-linux-x86_64-debian-gcc, r-devel-linux-x86_64-fedora-clang, r-devel-linux-x86_64-fedora-gcc, r-devel-windows-x86_64, r-patched-linux-x86_64, r-release-linux-x86_64, r-release-macos-arm64, r-release-windows-x86_64, r-oldrel-macos-arm64, r-oldrel-macos-x86_64, r-oldrel-windows-x86_64
Version: 2.1
Check: package dependencies
Result: NOTE
Packages suggested but not available for checking:
'spdep', 'terra', 'raster', 'exactextractr', 'hydromad', 'daymetr',
'elevatr', 'sf'
Flavor: r-release-macos-x86_64
Version: 2.1
Check: Rd cross-references
Result: NOTE
Package unavailable to check Rd xrefs: ‘spdep’
Flavor: r-release-macos-x86_64