CRAN Package Check Results for Package sgd

Last updated on 2023-06-01 19:52:45 CEST.

Flavor Version Tinstall Tcheck Ttotal Status Flags
r-devel-linux-x86_64-debian-clang 1.1.1 46.47 38.71 85.18 NOTE
r-devel-linux-x86_64-debian-gcc 1.1.1 37.38 30.02 67.40 NOTE
r-devel-linux-x86_64-fedora-clang 1.1.1 117.72 NOTE
r-devel-linux-x86_64-fedora-gcc 1.1.1 130.05 NOTE
r-devel-windows-x86_64 1.1.1 39.00 72.00 111.00 NOTE
r-patched-linux-x86_64 1.1.1 NOTE
r-release-linux-x86_64 1.1.1 40.81 36.82 77.63 NOTE
r-release-macos-arm64 1.1.1 43.00 NOTE
r-release-macos-x86_64 1.1.1 66.00 NOTE
r-release-windows-x86_64 1.1.1 51.00 83.00 134.00 NOTE
r-oldrel-macos-arm64 1.1.1 34.00 OK
r-oldrel-macos-x86_64 1.1.1 58.00 OK
r-oldrel-windows-x86_64 1.1.1 46.00 79.00 125.00 OK

Check Details

Version: 1.1.1
Check: C++ specification
Result: NOTE
     Specified C++11: please drop specification unless essential
Flavors: r-devel-linux-x86_64-debian-clang, r-devel-linux-x86_64-debian-gcc, r-devel-linux-x86_64-fedora-clang, r-devel-linux-x86_64-fedora-gcc, r-devel-windows-x86_64, r-patched-linux-x86_64, r-release-linux-x86_64, r-release-macos-arm64, r-release-macos-x86_64, r-release-windows-x86_64