Last updated on 2024-03-28 19:48:45 CET.
Flavor | Version | Tinstall | Tcheck | Ttotal | Status | Flags |
---|---|---|---|---|---|---|
r-devel-linux-x86_64-debian-clang | 1.1 | 4.17 | 48.16 | 52.33 | NOTE | |
r-devel-linux-x86_64-debian-gcc | 1.1 | 2.90 | 35.58 | 38.48 | NOTE | |
r-devel-linux-x86_64-fedora-clang | 1.1 | 63.50 | NOTE | |||
r-devel-linux-x86_64-fedora-gcc | 1.1 | 62.14 | NOTE | |||
r-devel-windows-x86_64 | 1.1 | 4.00 | 53.00 | 57.00 | NOTE | |
r-patched-linux-x86_64 | 1.1 | 4.63 | 47.05 | 51.68 | NOTE | |
r-release-linux-x86_64 | 1.1 | 2.64 | 48.33 | 50.97 | NOTE | |
r-release-macos-arm64 | 1.1 | 24.00 | NOTE | |||
r-release-macos-x86_64 | 1.1 | 33.00 | NOTE | |||
r-release-windows-x86_64 | 1.1 | 5.00 | 57.00 | 62.00 | NOTE | |
r-oldrel-macos-arm64 | 1.1 | 22.00 | NOTE | |||
r-oldrel-windows-x86_64 | 1.1 | 5.00 | 59.00 | 64.00 | NOTE |
Version: 1.1
Check: LazyData
Result: NOTE
'LazyData' is specified without a 'data' directory
Flavors: r-devel-linux-x86_64-debian-clang, r-devel-linux-x86_64-debian-gcc, r-devel-linux-x86_64-fedora-clang, r-devel-linux-x86_64-fedora-gcc, r-devel-windows-x86_64, r-patched-linux-x86_64, r-release-linux-x86_64, r-release-macos-arm64, r-release-macos-x86_64, r-release-windows-x86_64, r-oldrel-macos-arm64, r-oldrel-windows-x86_64