Last updated on 2023-09-25 20:08:59 CEST.
Flavor | Version | Tinstall | Tcheck | Ttotal | Status | Flags |
---|---|---|---|---|---|---|
r-devel-linux-x86_64-debian-clang | 0.2.0 | 28.21 | 35.09 | 63.30 | NOTE | |
r-devel-linux-x86_64-debian-gcc | 0.2.0 | 17.38 | 27.40 | 44.78 | NOTE | |
r-devel-linux-x86_64-fedora-clang | 0.2.0 | 92.72 | NOTE | |||
r-devel-linux-x86_64-fedora-gcc | 0.2.0 | 95.17 | NOTE | |||
r-devel-windows-x86_64 | 0.2.0 | 26.00 | 66.00 | 92.00 | NOTE | |
r-patched-linux-x86_64 | 0.2.0 | 24.73 | 33.96 | 58.69 | NOTE | |
r-release-linux-x86_64 | 0.2.0 | 25.50 | 34.33 | 59.83 | NOTE | |
r-release-macos-arm64 | 0.2.0 | 38.00 | NOTE | |||
r-release-macos-x86_64 | 0.2.0 | 55.00 | NOTE | |||
r-release-windows-x86_64 | 0.2.0 | 25.00 | 75.00 | 100.00 | NOTE | |
r-oldrel-macos-arm64 | 0.2.0 | 30.00 | NOTE | |||
r-oldrel-macos-x86_64 | 0.2.0 | 41.00 | NOTE | |||
r-oldrel-windows-x86_64 | 0.2.0 | 37.00 | 76.00 | 113.00 | NOTE |
Version: 0.2.0
Check: C++ specification
Result: NOTE
Specified C++11: please drop specification unless essential
Flavors: r-devel-linux-x86_64-debian-clang, r-devel-linux-x86_64-debian-gcc, r-devel-linux-x86_64-fedora-clang, r-devel-linux-x86_64-fedora-gcc, r-devel-windows-x86_64, r-patched-linux-x86_64, r-release-linux-x86_64, r-release-macos-arm64, r-release-macos-x86_64, r-release-windows-x86_64
Version: 0.2.0
Check: LazyData
Result: NOTE
'LazyData' is specified without a 'data' directory
Flavors: r-devel-linux-x86_64-debian-clang, r-devel-linux-x86_64-debian-gcc, r-devel-linux-x86_64-fedora-clang, r-devel-linux-x86_64-fedora-gcc, r-devel-windows-x86_64, r-patched-linux-x86_64, r-release-linux-x86_64, r-release-macos-arm64, r-release-macos-x86_64, r-release-windows-x86_64, r-oldrel-macos-arm64, r-oldrel-macos-x86_64, r-oldrel-windows-x86_64
Version: 0.2.0
Check: compiled code
Result: NOTE
File ‘semver/libs/semver.so’:
Found no calls to: ‘R_registerRoutines’, ‘R_useDynamicSymbols’
It is good practice to register native routines and to disable symbol
search.
See ‘Writing portable packages’ in the ‘Writing R Extensions’ manual.
Flavors: r-devel-linux-x86_64-fedora-clang, r-devel-linux-x86_64-fedora-gcc