Last updated on 2023-09-28 08:59:02 CEST.
Flavor | Version | Tinstall | Tcheck | Ttotal | Status | Flags |
---|---|---|---|---|---|---|
r-devel-linux-x86_64-debian-clang | 0.2.9.11 | 5.25 | 178.68 | 183.93 | OK | |
r-devel-linux-x86_64-debian-gcc | 0.2.9.11 | 4.05 | 129.19 | 133.24 | OK | |
r-devel-linux-x86_64-fedora-clang | 0.2.9.11 | 220.59 | NOTE | |||
r-devel-linux-x86_64-fedora-gcc | 0.2.9.11 | 243.70 | OK | |||
r-devel-windows-x86_64 | 0.2.9.11 | 6.00 | 143.00 | 149.00 | OK | |
r-patched-linux-x86_64 | 0.2.9.11 | 13.95 | 174.18 | 188.13 | OK | |
r-release-linux-x86_64 | 0.2.9.11 | 4.44 | 171.25 | 175.69 | OK | |
r-release-macos-arm64 | 0.2.9.11 | 61.00 | OK | |||
r-release-macos-x86_64 | 0.2.9.11 | 126.00 | OK | |||
r-release-windows-x86_64 | 0.2.9.11 | 9.00 | 190.00 | 199.00 | OK | |
r-oldrel-macos-arm64 | 0.2.9.11 | 55.00 | OK | |||
r-oldrel-macos-x86_64 | 0.2.9.11 | 80.00 | OK | |||
r-oldrel-windows-x86_64 | 0.2.9.11 | 8.00 | 189.00 | 197.00 | OK |
Version: 0.2.9.11
Check: Rd cross-references
Result: NOTE
Undeclared package ‘qgraph’ in Rd xrefs
Flavor: r-devel-linux-x86_64-fedora-clang